{"id":101,"date":"2016-03-31T18:48:19","date_gmt":"2016-03-31T17:48:19","guid":{"rendered":"http:\/\/www.nelen.cz\/?page_id=101"},"modified":"2016-03-31T18:48:19","modified_gmt":"2016-03-31T17:48:19","slug":"frantisek-sanak","status":"publish","type":"page","link":"https:\/\/www.nelen.cz\/2015\/ucinkujici\/veda-a-vyzkum\/frantisek-sanak\/","title":{"rendered":"Franti\u0161ek Sa\u0148\u00e1k"},"content":{"rendered":"<p><img loading=\"lazy\" decoding=\"async\" class=\"size-medium wp-image-46 alignright\" src=\"http:\/\/www.nelen.cz\/2015\/wp-content\/uploads\/sites\/2\/2016\/03\/sanak_frantisek-200x300.png\" alt=\"sanak_frantisek\" width=\"200\" height=\"300\" \/><\/p>\n<p>student 6. ro\u010dn\u00edku v\u0161eobecn\u00e9ho l\u00e9ka\u0159stv\u00ed na Fakult\u011b vojensk\u00e9ho zdravotnictv\u00ed a L\u00e9ka\u0159sk\u00e9 fakult\u011b v Hradci Kr\u00e1lov\u00e9<\/p>\n<p>Svou v\u011bdeckou &#8222;kari\u00e9ru&#8220; jsem zapo\u010dal b\u011bhem druh\u00e9ho ro\u010dn\u00edku studia na L\u00e9ka\u0159sk\u00e9 fakult\u011b v Hradci Kr\u00e1lov\u00e9. Po obohacuj\u00edc\u00edm \u00favodn\u00edm roce jsem se p\u0159ipojil k projektu veden\u00e9m panem prof. Bo\u0161t\u00edkem na Fakult\u011b vojensk\u00e9ho zdravotnictv\u00ed v HK. N\u00e1\u0161 projekt se zab\u00fdv\u00e1 studiem funkc\u00ed imunitn\u00edch bun\u011bk kr\u00e1tce po narozen\u00ed. Tyto p\u0159irozen\u00e9 imunitn\u00ed bu\u0148ky je\u0161t\u011b nemaj\u00ed vyvinuty mechanismy, kter\u00fdmi by mohly \u010delit p\u0159\u00edpadn\u00fdm patologick\u00fdm proces\u016fm v novorozeneck\u00e9m t\u011ble &#8211; p\u0159edev\u0161\u00edm n\u00e1dor\u016fm krevn\u00edch bun\u011bk. Aby byli tito &#8222;p\u0159irozen\u00ed bun\u011b\u010dn\u00ed zab\u00edje\u010di&#8220; (NK Cells) schopni fungovat v \u010dasn\u00e9m st\u00e1diu v\u00fdvoje jedince tak jako v dosp\u011bl\u00e9m a ji\u017e pln\u011b vyvinut\u00e9m organismu, byl vyvinut proces stimulace imunitn\u00edch bun\u011bk v laboratorn\u00edch podm\u00ednk\u00e1ch. V r\u00e1mci hodnocen\u00ed efektu t\u00e9to stimulace byla odhalena zcela unik\u00e1tn\u00ed, odbornou ve\u0159ejnost\u00ed dosud nepopsan\u00e1 schopnost jedn\u00e9 skupiny bun\u011bk vytv\u00e1\u0159et efektivn\u00ed enzymy v mnohem v\u011bt\u0161\u00ed m\u00ed\u0159e, ne\u017e bylo dosud pozorov\u00e1no. V\u00fdsledky pr\u00e1ce cel\u00e9ho v\u011bdeck\u00e9ho t\u00fdmu jsem obhajoval na n\u011bkolika studentsk\u00fdch v\u011bdeck\u00fdch konferenc\u00edch n\u00e1rodn\u00ed i mezin\u00e1rodn\u00ed \u00farovn\u011b a byl za n\u011b ocen\u011bn \u0159adou vyznamen\u00e1n\u00ed. Nejen za tyto \u00fasp\u011bchy a dal\u0161\u00ed v\u011bdeck\u00e9\/klinick\u00e9 aktivity ve sv\u011bt\u011b (USA, N\u011bmecko, \u0160v\u00fdcarsko, Holandsko,&#8230;) jsem byl pot\u00e9 vyznamen\u00e1m Cenou prim\u00e1tora m\u011bsta HK za studentskou tv\u016fr\u010d\u00ed \u010dinnost v roce 2014 a nominov\u00e1n na Cenu Josefa Hl\u00e1vky 2015.<\/p>\n","protected":false},"excerpt":{"rendered":"<p>student 6. ro\u010dn\u00edku v\u0161eobecn\u00e9ho l\u00e9ka\u0159stv\u00ed na Fakult\u011b vojensk\u00e9ho zdravotnictv\u00ed a L\u00e9ka\u0159sk\u00e9 fakult\u011b v Hradci Kr\u00e1lov\u00e9 Svou v\u011bdeckou &#8222;kari\u00e9ru&#8220; jsem zapo\u010dal b\u011bhem druh\u00e9ho ro\u010dn\u00edku studia na L\u00e9ka\u0159sk\u00e9 fakult\u011b v Hradci Kr\u00e1lov\u00e9. Po obohacuj\u00edc\u00edm \u00favodn\u00edm roce jsem se p\u0159ipojil k projektu veden\u00e9m panem prof. Bo\u0161t\u00edkem na Fakult\u011b vojensk\u00e9ho zdravotnictv\u00ed v HK. N\u00e1\u0161 projekt se zab\u00fdv\u00e1 studiem funkc\u00ed [&hellip;]<\/p>\n","protected":false},"author":1,"featured_media":0,"parent":99,"menu_order":0,"comment_status":"closed","ping_status":"closed","template":"","meta":{"_acf_changed":false,"footnotes":""},"class_list":["post-101","page","type-page","status-publish","hentry"],"acf":[],"_links":{"self":[{"href":"https:\/\/www.nelen.cz\/2015\/wp-json\/wp\/v2\/pages\/101","targetHints":{"allow":["GET"]}}],"collection":[{"href":"https:\/\/www.nelen.cz\/2015\/wp-json\/wp\/v2\/pages"}],"about":[{"href":"https:\/\/www.nelen.cz\/2015\/wp-json\/wp\/v2\/types\/page"}],"author":[{"embeddable":true,"href":"https:\/\/www.nelen.cz\/2015\/wp-json\/wp\/v2\/users\/1"}],"replies":[{"embeddable":true,"href":"https:\/\/www.nelen.cz\/2015\/wp-json\/wp\/v2\/comments?post=101"}],"version-history":[{"count":0,"href":"https:\/\/www.nelen.cz\/2015\/wp-json\/wp\/v2\/pages\/101\/revisions"}],"up":[{"embeddable":true,"href":"https:\/\/www.nelen.cz\/2015\/wp-json\/wp\/v2\/pages\/99"}],"wp:attachment":[{"href":"https:\/\/www.nelen.cz\/2015\/wp-json\/wp\/v2\/media?parent=101"}],"curies":[{"name":"wp","href":"https:\/\/api.w.org\/{rel}","templated":true}]}}

František Saňák

<p><img loading="lazy" decoding="async" class="size-medium wp-image-46 alignright" src="http://www.nelen.cz/2015/wp-content/uploads/sites/2/2016/03/sanak_frantisek-200x300.png" alt="sanak_frantisek" width="200" height="300" /></p>
<p>student 6. ročníku všeobecného lékařství na Fakultě vojenského zdravotnictví a Lékařské fakultě v Hradci Králové</p>
<p>Svou vědeckou &#8222;kariéru&#8220; jsem započal během druhého ročníku studia na Lékařské fakultě v Hradci Králové. Po obohacujícím úvodním roce jsem se připojil k projektu vedeném panem prof. Boštíkem na Fakultě vojenského zdravotnictví v HK. Náš projekt se zabývá studiem funkcí imunitních buněk krátce po narození. Tyto přirozené imunitní buňky ještě nemají vyvinuty mechanismy, kterými by mohly čelit případným patologickým procesům v novorozeneckém těle &#8211; především nádorům krevních buněk. Aby byli tito &#8222;přirození buněční zabíječi&#8220; (NK Cells) schopni fungovat v časném stádiu vývoje jedince tak jako v dospělém a již plně vyvinutém organismu, byl vyvinut proces stimulace imunitních buněk v laboratorních podmínkách. V rámci hodnocení efektu této stimulace byla odhalena zcela unikátní, odbornou veřejností dosud nepopsaná schopnost jedné skupiny buněk vytvářet efektivní enzymy v mnohem větší míře, než bylo dosud pozorováno. Výsledky práce celého vědeckého týmu jsem obhajoval na několika studentských vědeckých konferencích národní i mezinárodní úrovně a byl za ně oceněn řadou vyznamenání. Nejen za tyto úspěchy a další vědecké/klinické aktivity ve světě (USA, Německo, Švýcarsko, Holandsko,&#8230;) jsem byl poté vyznamenám Cenou primátora města HK za studentskou tvůrčí činnost v roce 2014 a nominován na Cenu Josefa Hlávky 2015.</p>

<p>student 6. ročníku všeobecného lékařství na Fakultě vojenského zdravotnictví a Lékařské fakultě v Hradci Králové Svou vědeckou &#8222;kariéru&#8220; jsem započal během druhého ročníku studia na Lékařské fakultě v Hradci Králové. Po obohacujícím úvodním roce jsem se připojil k projektu vedeném panem prof. Boštíkem na Fakultě vojenského zdravotnictví v HK. Náš projekt se zabývá studiem funkcí [&hellip;]</p>
