{"id":112,"date":"2016-03-31T18:52:18","date_gmt":"2016-03-31T17:52:18","guid":{"rendered":"http:\/\/www.nelen.cz\/?page_id=112"},"modified":"2016-03-31T18:52:18","modified_gmt":"2016-03-31T17:52:18","slug":"lukas-munster","status":"publish","type":"page","link":"https:\/\/www.nelen.cz\/2015\/ucinkujici\/veda-a-vyzkum\/lukas-munster\/","title":{"rendered":"Ing. Luk\u00e1\u0161 M\u00fcnster"},"content":{"rendered":"<p><img loading=\"lazy\" decoding=\"async\" class=\"size-medium wp-image-41 alignright\" src=\"http:\/\/www.nelen.cz\/2015\/wp-content\/uploads\/sites\/2\/2016\/03\/munster_lukas-200x300.jpg\" alt=\"munster_lukas\" width=\"200\" height=\"300\" \/><\/p>\n<p>student \/ v\u00fdzkumn\u00fd a projektov\u00fd pracovn\u00edk CPS<\/p>\n<p>Jsem absolventem Univerzity Tom\u00e1\u0161e Bati ve Zl\u00edn\u011b studijn\u00edho programu Chemie a technologie materi\u00e1l\u016f se zam\u011b\u0159en\u00edm In\u017een\u00fdrstv\u00ed polymer\u016f, v r\u00e1mci studia jsem absolvoval p\u016flro\u010dn\u00ed zahrani\u010dn\u00ed st\u00e1\u017e na Chalmers University of Technology ve \u0160v\u00e9dsku. V sou\u010dasn\u00e9 dob\u011b studuji doktorsk\u00fd studijn\u00ed program v oboru Technologie makromolekul\u00e1rn\u00edch l\u00e1tek a jsem intern\u00edm pracovn\u00edkem v\u011bdecko-v\u00fdzkumn\u00e9ho Centra Polymern\u00edch Syst\u00e9m\u016f pod UTB ve Zl\u00edn\u011b. Z hlediska odborn\u00e9 \u010dinnosti se zab\u00fdv\u00e1m p\u0159\u00edpravou a vyu\u017eit\u00edm nano\u010d\u00e1stic r\u016fzn\u00fdch materi\u00e1l\u016f, d\u00e1le pak vyu\u017eit\u00edm modifikovan\u00fdch biopolymer\u016f. Krom\u011b vlastn\u00edch publika\u010dn\u00edch aktivit jsem takt\u00e9\u017e spoluautorem n\u011bkolika u\u017eitn\u00fdch vzor\u016f zaob\u00edraj\u00edc\u00edch se ukotven\u00edm aktivn\u00edch nano\u010d\u00e1stic na r\u016fzn\u00fdch nosi\u010d\u00edch. V r\u00e1mci sv\u00e9ho p\u016fsoben\u00ed na Centru Polymern\u00edch Syst\u00e9m\u016f se pod\u00edl\u00edm na \u0159e\u0161en\u00ed zadan\u00fdch projekt\u016f a n\u00e1sledn\u00e9ho publikov\u00e1n\u00ed v mezin\u00e1rodn\u00edch periodik\u00e1ch. Po ukon\u010den\u00ed studia pl\u00e1nuji z\u016fstat na akademick\u00e9 p\u016fd\u011b, pop\u0159. vycestovat na dal\u0161\u00ed zahrani\u010dn\u00ed st\u00e1\u017ee.<\/p>\n","protected":false},"excerpt":{"rendered":"<p>student \/ v\u00fdzkumn\u00fd a projektov\u00fd pracovn\u00edk CPS Jsem absolventem Univerzity Tom\u00e1\u0161e Bati ve Zl\u00edn\u011b studijn\u00edho programu Chemie a technologie materi\u00e1l\u016f se zam\u011b\u0159en\u00edm In\u017een\u00fdrstv\u00ed polymer\u016f, v r\u00e1mci studia jsem absolvoval p\u016flro\u010dn\u00ed zahrani\u010dn\u00ed st\u00e1\u017e na Chalmers University of Technology ve \u0160v\u00e9dsku. V sou\u010dasn\u00e9 dob\u011b studuji doktorsk\u00fd studijn\u00ed program v oboru Technologie makromolekul\u00e1rn\u00edch l\u00e1tek a jsem intern\u00edm pracovn\u00edkem [&hellip;]<\/p>\n","protected":false},"author":1,"featured_media":0,"parent":99,"menu_order":0,"comment_status":"closed","ping_status":"closed","template":"","meta":{"_acf_changed":false,"footnotes":""},"class_list":["post-112","page","type-page","status-publish","hentry"],"acf":[],"_links":{"self":[{"href":"https:\/\/www.nelen.cz\/2015\/wp-json\/wp\/v2\/pages\/112","targetHints":{"allow":["GET"]}}],"collection":[{"href":"https:\/\/www.nelen.cz\/2015\/wp-json\/wp\/v2\/pages"}],"about":[{"href":"https:\/\/www.nelen.cz\/2015\/wp-json\/wp\/v2\/types\/page"}],"author":[{"embeddable":true,"href":"https:\/\/www.nelen.cz\/2015\/wp-json\/wp\/v2\/users\/1"}],"replies":[{"embeddable":true,"href":"https:\/\/www.nelen.cz\/2015\/wp-json\/wp\/v2\/comments?post=112"}],"version-history":[{"count":0,"href":"https:\/\/www.nelen.cz\/2015\/wp-json\/wp\/v2\/pages\/112\/revisions"}],"up":[{"embeddable":true,"href":"https:\/\/www.nelen.cz\/2015\/wp-json\/wp\/v2\/pages\/99"}],"wp:attachment":[{"href":"https:\/\/www.nelen.cz\/2015\/wp-json\/wp\/v2\/media?parent=112"}],"curies":[{"name":"wp","href":"https:\/\/api.w.org\/{rel}","templated":true}]}}