{"id":147,"date":"2016-03-31T19:07:15","date_gmt":"2016-03-31T18:07:15","guid":{"rendered":"http:\/\/www.nelen.cz\/?page_id=147"},"modified":"2016-03-31T19:07:15","modified_gmt":"2016-03-31T18:07:15","slug":"prodavac","status":"publish","type":"page","link":"https:\/\/www.nelen.cz\/2015\/kapely\/prodavac\/","title":{"rendered":"prodava\u010d"},"content":{"rendered":"<p>Genera\u010dn\u00ed zpov\u011b\u010f chl\u00e1pka z malom\u011bsta, kter\u00fd se nikdy nestyd\u011bl za popov\u00e9 ko\u0159eny. Sporto byli pr\u016fkopn\u00edci diverze popu do punku a DIY, \u0160amp\u00f3n pak pokra\u010doval s\u00f3lov\u00fdmi projekty, ty dorostly a\u017e do dal\u0161\u00ed kapely jm\u00e9nem Prodava\u010d. \u010cty\u0159i kamar\u00e1di, kter\u00fdm to \u0161lape jako bl\u00e1zen. Lo\u0148sk\u00e9 skv\u011bl\u00e9 album Mal\u00fd r\u00e1je budi\u017e toho d\u016fkazem.<\/p>\n<p><iframe loading=\"lazy\" title=\"Prodava\u010d - Mal\u00fd r\u00e1je\" width=\"500\" height=\"281\" src=\"https:\/\/www.youtube.com\/embed\/C7wLaz7xgrE?feature=oembed\" frameborder=\"0\" allow=\"accelerometer; autoplay; clipboard-write; encrypted-media; gyroscope; picture-in-picture; web-share\" referrerpolicy=\"strict-origin-when-cross-origin\" allowfullscreen><\/iframe><\/p>\n","protected":false},"excerpt":{"rendered":"<p>Genera\u010dn\u00ed zpov\u011b\u010f chl\u00e1pka z malom\u011bsta, kter\u00fd se nikdy nestyd\u011bl za popov\u00e9 ko\u0159eny. Sporto byli pr\u016fkopn\u00edci diverze popu do punku a DIY, \u0160amp\u00f3n pak pokra\u010doval s\u00f3lov\u00fdmi projekty, ty dorostly a\u017e do dal\u0161\u00ed kapely jm\u00e9nem Prodava\u010d. \u010cty\u0159i kamar\u00e1di, kter\u00fdm to \u0161lape jako bl\u00e1zen. Lo\u0148sk\u00e9 skv\u011bl\u00e9 album Mal\u00fd r\u00e1je budi\u017e toho d\u016fkazem.<\/p>\n","protected":false},"author":1,"featured_media":0,"parent":143,"menu_order":0,"comment_status":"closed","ping_status":"closed","template":"","meta":{"_acf_changed":false,"footnotes":""},"class_list":["post-147","page","type-page","status-publish","hentry"],"acf":[],"_links":{"self":[{"href":"https:\/\/www.nelen.cz\/2015\/wp-json\/wp\/v2\/pages\/147","targetHints":{"allow":["GET"]}}],"collection":[{"href":"https:\/\/www.nelen.cz\/2015\/wp-json\/wp\/v2\/pages"}],"about":[{"href":"https:\/\/www.nelen.cz\/2015\/wp-json\/wp\/v2\/types\/page"}],"author":[{"embeddable":true,"href":"https:\/\/www.nelen.cz\/2015\/wp-json\/wp\/v2\/users\/1"}],"replies":[{"embeddable":true,"href":"https:\/\/www.nelen.cz\/2015\/wp-json\/wp\/v2\/comments?post=147"}],"version-history":[{"count":0,"href":"https:\/\/www.nelen.cz\/2015\/wp-json\/wp\/v2\/pages\/147\/revisions"}],"up":[{"embeddable":true,"href":"https:\/\/www.nelen.cz\/2015\/wp-json\/wp\/v2\/pages\/143"}],"wp:attachment":[{"href":"https:\/\/www.nelen.cz\/2015\/wp-json\/wp\/v2\/media?parent=147"}],"curies":[{"name":"wp","href":"https:\/\/api.w.org\/{rel}","templated":true}]}}