{"id":168,"date":"2016-03-31T19:18:05","date_gmt":"2016-03-31T18:18:05","guid":{"rendered":"http:\/\/www.nelen.cz\/?page_id=168"},"modified":"2016-03-31T19:18:05","modified_gmt":"2016-03-31T18:18:05","slug":"nedele","status":"publish","type":"page","link":"https:\/\/www.nelen.cz\/2015\/program\/nedele\/","title":{"rendered":"ned\u011ble"},"content":{"rendered":"<p>grafick\u00fd pl\u00e1n:<\/p>\n<p><img loading=\"lazy\" decoding=\"async\" class=\"alignnone size-full wp-image-169\" src=\"http:\/\/www.nelen.cz\/2015\/wp-content\/uploads\/sites\/2\/2016\/03\/program_sunday.png\" alt=\"program_sunday\" width=\"700\" height=\"331\" srcset=\"https:\/\/www.nelen.cz\/2015\/wp-content\/uploads\/sites\/2\/2016\/03\/program_sunday.png 700w, https:\/\/www.nelen.cz\/2015\/wp-content\/uploads\/sites\/2\/2016\/03\/program_sunday-300x142.png 300w\" sizes=\"auto, (max-width: 700px) 100vw, 700px\" \/><\/p>\n<p>&nbsp;<\/p>\n<p>podrobn\u00fd rozpis:<\/p>\n<h4>sokolovna &#8211; s\u00e1l<\/h4>\n<div class=\"program-item\">\n<p>13:00 &#8211; 15:00<\/p>\n<h5>um\u011bn\u00ed<\/h5>\n<p class=\"program-item-performers\"><a class=\"performer-link\" href=\"http:\/\/old.nelen.cz\/#performer-domorad-petr\">Petr Domor\u00e1d<\/a>, <a class=\"performer-link\" href=\"http:\/\/old.nelen.cz\/#performer-domoradova-lucie\">Lucie Domor\u00e1dov\u00e1<\/a>, <a class=\"performer-link\" href=\"http:\/\/old.nelen.cz\/#performer-kliment-jakub\">Jakub Kliment<\/a>, <a class=\"performer-link\" href=\"http:\/\/old.nelen.cz\/#performer-jancekova-eva\">Eva Jan\u010dekov\u00e1<\/a>, <a class=\"performer-link\" href=\"http:\/\/old.nelen.cz\/#performer-nepovimova-natalie\">Nat\u00e1lie Nepov\u00edmov\u00e1<\/a>, garantem sekce je <a class=\"performer-link\" href=\"http:\/\/old.nelen.cz\/#performer-dvorak-martin\">Martin Dvo\u0159\u00e1k<\/a><\/p>\n<p>Ka\u017ed\u00fd \u010dlen um\u011bleck\u00e9 sekce v\u00e1m nejd\u0159\u00edve kr\u00e1tkou self-prezentac\u00ed p\u0159edstav\u00ed, co ve sv\u00e9m oboru tvo\u0159\u00ed, jak\u00e9 \u00fasp\u011bchy m\u00e1 za sebou a jak\u00fdm sm\u011brem se moment\u00e1ln\u011b ub\u00edr\u00e1, pop\u0159\u00edpad\u011b chce v budoucnu ub\u00edrat. Spole\u010dn\u011b s publikem se pak um\u011blci budou sna\u017eit naj\u00edt odpov\u011bdi na ot\u00e1zky, k \u010demu um\u011bn\u00ed v dne\u0161n\u00ed usp\u011bchan\u00e9 dob\u011b slou\u017e\u00ed a pro\u010d je tak d\u016fle\u017eit\u00e9 pro zdravou spole\u010dnost. D\u00e1le vyb\u00eddnou k debat\u011b o mo\u017en\u00e9 budoucnosti festivalu Nele\u0148! jako o hlavn\u00ed reprezentativn\u00ed akci m\u011bsta Slavi\u010d\u00edn a o pot\u0159eb\u011b otev\u0159en\u00e9ho prost\u0159ed\u00ed pro diskuzi mezi m\u011bstem a odbornou ve\u0159ejnost\u00ed.<\/p>\n<\/div>\n<div class=\"program-item\">\n<p>15:00 &#8211; 17:00<\/p>\n<h5>spole\u010densk\u00e9 v\u011bdy<\/h5>\n<p class=\"program-item-performers\"><a class=\"performer-link\" href=\"http:\/\/old.nelen.cz\/#performer-castulikova-ivana\">Ivana \u010castul\u00edkov\u00e1<\/a>, <a class=\"performer-link\" href=\"http:\/\/old.nelen.cz\/#performer-dvorakova-kristyna\">Krist\u00fdna Dvo\u0159\u00e1kov\u00e1<\/a>, <a class=\"performer-link\" href=\"http:\/\/old.nelen.cz\/#performer-hankova-magdalena\">Magdalena Hankov\u00e1<\/a>, <a class=\"performer-link\" href=\"http:\/\/old.nelen.cz\/#performer-gonova-zaneta\">\u017daneta Go\u0148ov\u00e1<\/a>, <a class=\"performer-link\" href=\"http:\/\/old.nelen.cz\/#performer-janackova-marcela\">Marcela Jan\u00e1\u010dkov\u00e1<\/a>, <a class=\"performer-link\" href=\"http:\/\/old.nelen.cz\/#performer-filak-michal\">Michal Fil\u00e1k<\/a>, garantem sekce je <a class=\"performer-link\" href=\"http:\/\/old.nelen.cz\/#performer-cerny-richard\">Richard \u010cern\u00fd<\/a><\/p>\n<p>\u010clenov\u00e9 sekce spole\u010densk\u00e9 a humanitn\u00ed v\u011bdy se v\u00e1m v ned\u011bli prvn\u011b p\u0159edstav\u00ed v kr\u00e1tk\u00fdch v\u00fdstupech a sezn\u00e1m\u00ed v\u00e1s s oblastmi, kter\u00fdmi se ve sv\u00e9 praxi zab\u00fdvaj\u00ed. Dozv\u00edte se o tom, jak se ke sv\u00e9 pr\u00e1ci dostali nebo na jak\u00e9 c\u00edle d\u00e1le m\u00ed\u0159\u00ed. O zaj\u00edmav\u00e9 pov\u00edd\u00e1n\u00ed tak nebude nouze. V druh\u00e9 p\u016flce programu pak s v\u00e1mi chceme rozdiskutovat ot\u00e1zky t\u00fdkaj\u00edc\u00ed se mo\u017enost\u00ed ob\u010dansk\u00e9ho aktivismu a dobrovolnictv\u00ed na lok\u00e1ln\u00ed \u00farovni nebo my\u0161lenku vzniku komunitn\u00edho centra ve Slavi\u010d\u00edn\u011b.<\/p>\n<\/div>\n<div class=\"program-item\">\n<p>17:00<\/p>\n<h5>ukon\u010den\u00ed<\/h5>\n<p class=\"program-item-performers\"><a class=\"performer-link\" href=\"http:\/\/old.nelen.cz\/#performer-filak-michal\">Michal Fil\u00e1k<\/a><\/p>\n<p>Z\u00e1v\u011bre\u010dn\u00e9 slovo a zhodnocen\u00ed multi\u017e\u00e1nrov\u00e9ho festivalu Nele\u0148!<\/p>\n<\/div>\n<h4>hor\u00e1kova vila<\/h4>\n<div class=\"program-item\">\n<p>13:00-15:00<\/p>\n<h5>technologie<\/h5>\n<p class=\"program-item-performers\"><a class=\"performer-link\" href=\"http:\/\/old.nelen.cz\/#performer-studenik-pavel\">Pavel Studen\u00edk<\/a>, <a class=\"performer-link\" href=\"http:\/\/old.nelen.cz\/#performer-svitak-jiri\">Ji\u0159\u00ed Svit\u00e1k<\/a>, <a class=\"performer-link\" href=\"http:\/\/old.nelen.cz\/#performer-scuglik-michal\">Michal \u0160\u010dugl\u00edk<\/a>, <a class=\"performer-link\" href=\"http:\/\/old.nelen.cz\/#performer-zemanek-tomas\">Tom\u00e1\u0161 Zem\u00e1nek<\/a>, <a class=\"performer-link\" href=\"http:\/\/old.nelen.cz\/#performer-zvonicek-petr\">Petr Zvon\u00ed\u010dek<\/a>, garantem sekce je <a class=\"performer-link\" href=\"http:\/\/old.nelen.cz\/#performer-dulik-tomas\">Tom\u00e1\u0161 Dul\u00edk<\/a><\/p>\n<p>Prakticky od dob pr\u016fmyslov\u00e9 a v\u011bdecko-technick\u00e9 revoluce jsou lid\u00e9 na technologi\u00edch z\u00e1visl\u00ed, pro n\u011bkter\u00e9 jsou pak ned\u00edlnou sou\u010d\u00e1st\u00ed \u017eivot\u016f. Ale i tak se najde st\u00e1le ur\u010dit\u00e1 \u010d\u00e1st ve\u0159ejnosti, pro kterou je cokoliv technick\u00e9ho \u0161pan\u011blsk\u00e1 vesnice. Pr\u00e1v\u011b proto si tato sekce slo\u017een\u00e1 z absolvent\u016f technologick\u00fdch obor\u016f dala za c\u00edl uk\u00e1zat ve\u0159ejnosti n\u011bkolik zaj\u00edmav\u00fdch produkt\u016f a slu\u017eeb, kter\u00e9 jsou u\u017eite\u010dn\u00e9 pro pou\u017eit\u00ed v ka\u017edodenn\u00edm \u017eivot\u011b. V r\u00e1mci na\u0161\u00ed sekce v\u00e1m konkr\u00e9tn\u011bji p\u0159edstav\u00edme a spole\u010dn\u011b rozdiskutujeme n\u00e1sleduj\u00edc\u00ed t\u00e9mata: vzd\u011bl\u00e1v\u00e1n\u00ed online, pr\u00e1ce z domu, od um\u011bn\u00ed k IT, studium informatiky vs. praxe, budoucnost v\u00a0IT vs. budoucnost bez IT a chytr\u00e9 telefony a v\u00fdvoj aplikac\u00ed pro n\u011b.<\/p>\n<\/div>\n<div class=\"program-item\">\n<p>15:00-16:00<\/p>\n<h5>motion capture<\/h5>\n<p class=\"program-item-performers\"><a class=\"performer-link\" href=\"http:\/\/old.nelen.cz\/#performer-zemcik-vit\">V\u00edt Zem\u010d\u00edk<\/a><\/p>\n<p>Motion design je sv\u00e9bytn\u00fd obor sdru\u017euj\u00edc\u00ed v\u00fdrazov\u00e9 prost\u0159edky animace a grafick\u00e9ho designu. Sv\u00e9 uplatn\u011bn\u00ed najde od filmov\u00fdch titulkov\u00fdch sekvenc\u00ed, p\u0159es televizn\u00ed zn\u011blky a reklamn\u00ed tvorbu po video projekce a interaktivn\u00ed animovanou grafiku. V\u00edt Zem\u010d\u00edk se motion designem zab\u00fdv\u00e1 od bakal\u00e1\u0159sk\u00e9ho studia digit\u00e1ln\u00edch m\u00e9di\u00ed, dva a p\u016fl roku m\u011bl na starosti vizu\u00e1ln\u00ed podobu sportovn\u00edho kan\u00e1lu \u010cesk\u00e9 televize, dva roky sb\u00edral zku\u0161enosti s mezin\u00e1rodn\u00edmi klienty v lond\u00fdnsk\u00e9m studiu Mainframe a v sou\u010dasn\u00e9 dob\u011b p\u016fsob\u00ed v oce\u0148ovan\u00e9m pra\u017esk\u00e9m studiu Oficina. Na vybran\u00fdch uk\u00e1zk\u00e1ch ze sv\u00e9 tvorby p\u0159edstav\u00ed obor samotn\u00fd a tak\u00e9, jak vznikaj\u00ed pr\u00e1ce pro klienty jako Fox Sports, MTV, Nova Sport nebo TEDx<\/p>\n<p>P\u0159edn\u00e1\u0161ka prob\u011bhne online<\/p>\n<\/div>\n<div class=\"program-item\">\n<p>16:00-16:30<\/p>\n<h5>zn\u00e1te n\u011bjak\u00e9ho farm\u00e1\u0159e?<\/h5>\n<p class=\"program-item-performers\"><a class=\"performer-link\" href=\"http:\/\/old.nelen.cz\/#performer-zak-jan\">Jan \u017d\u00e1k<\/a><\/p>\n<p>Desetilet\u00fd p\u0159\u00edb\u011bh Jana \u017d\u00e1ka, farm\u00e1\u0159e z Rudimova. Od prvn\u00edch 70 ovc\u00ed, 12 krav a jednoho p\u016fj\u010den\u00e9ho traktoru ke 400 ovc\u00edm, 70 krav\u00e1m a dv\u011bma traktor\u016fm. O zpracov\u00e1v\u00e1n\u00ed masa v Rudimov\u011b a spolupr\u00e1ci s jin\u00fdmi farm\u00e1\u0159i z regionu. O ochran\u011b mot\u00fdl\u016f na luk\u00e1ch B\u00edl\u00fdch Karpat. Okrajov\u011b o ekologick\u00e9m chovu ovc\u00ed a dobytka a pl\u00e1nech do budoucna.<\/p>\n<\/div>\n<div class=\"program-item\">\n<p>16:30-17:00<\/p>\n<h5>\u017eivot v nadn\u00e1rodn\u00ed spole\u010dnosti<\/h5>\n<p class=\"program-item-performers\"><a class=\"performer-link\" href=\"http:\/\/old.nelen.cz\/#performer-hrabina-adam\">Adam Hrabina<\/a><\/p>\n<p>\u0158\u00edk\u00e1 se, \u017ee kdy\u017e dva d\u011blaj\u00ed tot\u00e9\u017e, nen\u00ed to tot\u00e9\u017e. Prost\u0159ednictv\u00edm zku\u0161enost\u00ed z\u00edskan\u00fdch prac\u00ed na stejn\u00e9 pozici pro zahrani\u010dn\u00ed spole\u010dnosti z cel\u00e9ho sv\u011bta jsem m\u011bl mo\u017enost poznat mnoho lid\u00ed poch\u00e1zej\u00edc\u00edch z odli\u0161n\u00fdch n\u00e1rodnost\u00ed, kultur a p\u0159edev\u0161\u00edm s r\u016fzn\u00fdm p\u0159\u00edstupem k pr\u00e1ci. O tyto post\u0159ehy bych se s v\u00e1mi r\u00e1d pod\u011blil ve sv\u00e9 prezentaci.<\/p>\n<\/div>\n<h4>sokolovna &#8211; atrium<\/h4>\n<div class=\"program-item\">\n<p>12:30 &#8211; 17:00<\/p>\n<h5>mapa pocit\u016f<\/h5>\n<p class=\"program-item-performers\"><a class=\"performer-link\" href=\"http:\/\/old.nelen.cz\/#performer-belzik-roman\">Roman Bel\u017e\u00edk<\/a>, <a class=\"performer-link\" href=\"http:\/\/old.nelen.cz\/#performer-koncerova-lea\">Lea Koncerov\u00e1<\/a>, <a class=\"performer-link\" href=\"http:\/\/old.nelen.cz\/#performer-fryzelkova-katerina\">Kate\u0159ina Fryzelkov\u00e1<\/a>, <a class=\"performer-link\" href=\"http:\/\/old.nelen.cz\/#performer-humpola-karel\">Karel Humpola<\/a>, <a class=\"performer-link\" href=\"http:\/\/old.nelen.cz\/#performer-orsakova-diana\">Diana Ors\u00e1kov\u00e1<\/a><\/p>\n<p>Mapa pocit\u016f umo\u017e\u0148uje vyj\u00e1d\u0159it ka\u017ed\u00e9mu sv\u016fj n\u00e1zor na (vystav\u011bn\u00e9) prost\u0159ed\u00ed (centr\u00e1ln\u00ed \u010d\u00e1sti) m\u011bsta. Pomoc\u00ed barevn\u00fdch zna\u010dek s r\u016fzn\u00fdmi v\u00fdznamy je mo\u017en\u00e9 v map\u011b ozna\u010dit m\u00edsta, kter\u00e1 n\u00e1s nenech\u00e1vaj\u00ed chladn\u00fdmi \u2013 v pozitivn\u00edm i negativn\u00edm smyslu. Z\u00e1rove\u0148 je voliteln\u011b mo\u017en\u00e9 p\u0159idat k ozna\u010den\u00e9 situaci jej\u00ed konkr\u00e9tn\u00ed popis. C\u00edlem je vz\u00e1jemn\u011b konfrontovat n\u00e1zory ob\u010dan\u016f na r\u016fzn\u00e9 prostory, budovy, m\u00edsta a situace, a t\u00edm poskytnout zp\u011btnou vazbu m\u00edstn\u00ed samospr\u00e1v\u011b pe\u010duj\u00edc\u00ed o dominantn\u00ed mno\u017estv\u00ed ve\u0159ejn\u00fdch prostor, ale i soukrom\u00fdm vlastn\u00edk\u016fm nemovitost\u00ed, kter\u00e9 se fyzicky, nebo jen pohledov\u011b pod\u00edlej\u00ed na obrazu m\u011bsta.<\/p>\n<\/div>\n<h4>sokolovna &#8211; \u0161atna<\/h4>\n<div class=\"program-item\">\n<p>13:00 &#8211; 15:00<\/p>\n<h5>jak na izolaci DNA a 3D tisk?<\/h5>\n<p class=\"program-item-performers\"><a class=\"performer-link\" href=\"http:\/\/old.nelen.cz\/#performer-fryzelkova-jana\">Jana Fryzelkov\u00e1<\/a>, <a class=\"performer-link\" href=\"http:\/\/old.nelen.cz\/#performer-zlamal-radomir\">Radom\u00edr Zl\u00e1mal<\/a><\/p>\n<p>Kr\u00e1tk\u00e1 uk\u00e1zka jedn\u00e9 z nejz\u00e1kladn\u011bj\u0161\u00edch metod molekul\u00e1rn\u00ed biologie. Z\u00e1jemci si mohou zkusit sami vyizolovat svou vlastn\u00ed d\u011bdi\u010dnou informaci, tedy DNA a pot\u00e9 si ji odn\u00e9st dom\u016f. V\u00edte, jak v\u016fbec vypad\u00e1 takov\u00e1 DNA? To budete moci zjistit s pomoc\u00ed 3D tisk\u00e1rny, d\u00edky kter\u00e9 z\u00edsk\u00e1me 3D model DNA ve zv\u011bt\u0161en\u00e9 verzi. 3D tiskem a jeho mo\u017enosti v\u00e1s tak\u00e9 provedeme. P\u0159ij\u010fte a dozv\u00edte se mnoho informac\u00ed a dal\u0161\u00edch zaj\u00edmavost\u00ed!<\/p>\n<\/div>\n<h4>sokolovna &#8211; okol\u00ed<\/h4>\n<div class=\"program-item\">\n<p>13:30<\/p>\n<h5>komentovan\u00e1 prohl\u00eddka m\u011bsta Slavi\u010d\u00edn<\/h5>\n<p class=\"program-item-performers\"><a class=\"performer-link\" href=\"http:\/\/old.nelen.cz\/#performer-belzik-roman\">Roman Bel\u017e\u00edk<\/a>, <a class=\"performer-link\" href=\"http:\/\/old.nelen.cz\/#performer-koncerova-lea\">Lea Koncerov\u00e1<\/a>, <a class=\"performer-link\" href=\"http:\/\/old.nelen.cz\/#performer-fryzelkova-katerina\">Kate\u0159ina Fryzelkov\u00e1<\/a>, <a class=\"performer-link\" href=\"http:\/\/old.nelen.cz\/#performer-humpola-karel\">Karel Humpola<\/a>, <a class=\"performer-link\" href=\"http:\/\/old.nelen.cz\/#performer-orsakova-diana\">Diana Ors\u00e1kov\u00e1<\/a><\/p>\n<p>V na\u0161i architektonick\u00e9 proch\u00e1zce v\u00e1s provedeme hlavn\u00edmi ve\u0159ejn\u00fdmi prostory Slavi\u010d\u00edna. M\u00edsta, kter\u00e1 dob\u0159e zn\u00e1te a denn\u011b je m\u00edj\u00edte, jsou d\u016fle\u017eit\u00fdmi faktory pro utv\u00e1\u0159en\u00ed obrazu na\u0161eho m\u011bsta. Zkuste se na n\u011b s n\u00e1mi pod\u00edvat v nov\u00e9m sv\u011btle. Pom\u016f\u017eeme v\u00e1m definovat jejich hlavn\u00ed probl\u00e9my, zd\u016fraznit klady a tak\u00e9 uk\u00e1zat nov\u00e1 \u0159e\u0161en\u00ed, na n\u011bkolika vybran\u00fdch ideov\u00fdch projektech od m\u00edstn\u00edch architekt\u016f. Budete m\u00edt tak\u00e9 jedine\u010dnou p\u0159\u00edle\u017eitost zkusit si m\u011bsto proj\u00edt jako voz\u00ed\u010dk\u00e1\u0159 nebo slepec pochopit tak d\u016fvody, pro\u010d je d\u016fle\u017eit\u00e9 \u0159e\u0161en\u00ed bezbari\u00e9rovosti a jak se takov\u00fdm lidem ve m\u011bst\u011b orientuje. I star\u00e1 zn\u00e1m\u00e1 m\u00edsta v\u00e1s mohou p\u0159ekvapit!<\/p>\n<\/div>\n<h4>sokolovna &#8211; prav\u00fd balkon<\/h4>\n<div class=\"program-item\">\n<p>14:00 &#8211; 20:00<\/p>\n<h5>v\u00fdstava um\u011bleck\u00e9 sekce<\/h5>\n<p class=\"program-item-performers\"><a class=\"performer-link\" href=\"http:\/\/old.nelen.cz\/#performer-kliment-jakub\">Jakub Kliment<\/a>, <a class=\"performer-link\" href=\"http:\/\/old.nelen.cz\/#performer-jancekova-eva\">Eva Jan\u010dekov\u00e1<\/a>, <a class=\"performer-link\" href=\"http:\/\/old.nelen.cz\/#performer-domorad-petr\">Petr Domor\u00e1d<\/a>, <a class=\"performer-link\" href=\"http:\/\/old.nelen.cz\/#performer-nepovimova-natalie\">Nat\u00e1lie Nepov\u00edmov\u00e1<\/a><\/p>\n<p>Abyste si ne\u0159ekli, \u017ee artist\u00e9 z um\u011bleck\u00e9 sekce p\u0159i\u0161li na Nele\u0148 jen tak \u201ctlachat\u201d, tak si pro v\u00e1s tak\u00e9 p\u0159iprav\u00ed autorskou \u201cmini\u201d v\u00fdstavu prac\u00ed. K vid\u011bn\u00ed budou sochy Jakuba Klimenta a Evy Jan\u010dekov\u00e9, d\u00e1le n\u011bco z grafick\u00e9 tvorby Petra Domor\u00e1da \u010di Nat\u00e1lie Nepov\u00edmov\u00e9, studentky designu od\u011bvu a obuvi<\/p>\n<\/div>\n<h4>sokolovna &#8211; ostatn\u00ed<\/h4>\n<div class=\"program-item\">\n<p>14:00 &#8211; 17:00<\/p>\n<h5>nele\u0148 a poj\u010f se vyfotit<\/h5>\n<p class=\"program-item-performers\"><a class=\"performer-link\" href=\"http:\/\/old.nelen.cz\/#performer-pokorna-vera\">V\u011bra Pokorn\u00e1<\/a><\/p>\n<p>U\u017e jste n\u011bkdy p\u0159em\u00fd\u0161leli, jak\u00e9 by to bylo, kdybyste si nechali nar\u016fst kn\u00edr? Movember se bl\u00ed\u017e\u00ed a nen\u00ed jenom pro mu\u017ee! Co kdybyste si zvolili jin\u00e9 povol\u00e1n\u00ed a stali na moment v\u011bdcem \u010di architektem? V\u00a0r\u00e1mci doprovodn\u00e9ho programu si to m\u016f\u017eete zkusit a nechat se tak zv\u011b\u010dnit na fotografi\u00edch, kter\u00e9 budou zve\u0159ejn\u011bny na webu www.nelen.cz. C\u00edlem je p\u0159edev\u0161\u00edm zlep\u0161en\u00ed n\u00e1lady sob\u011b a ostatn\u00edm, vedle toho podpo\u0159\u00edte multi\u017e\u00e1nrov\u00fd festival Nele\u0148!<\/p>\n<\/div>\n","protected":false},"excerpt":{"rendered":"<p>grafick\u00fd pl\u00e1n: &nbsp; podrobn\u00fd rozpis: sokolovna &#8211; s\u00e1l 13:00 &#8211; 15:00 um\u011bn\u00ed Petr Domor\u00e1d, Lucie Domor\u00e1dov\u00e1, Jakub Kliment, Eva Jan\u010dekov\u00e1, Nat\u00e1lie Nepov\u00edmov\u00e1, garantem sekce je Martin Dvo\u0159\u00e1k Ka\u017ed\u00fd \u010dlen um\u011bleck\u00e9 sekce v\u00e1m nejd\u0159\u00edve kr\u00e1tkou self-prezentac\u00ed p\u0159edstav\u00ed, co ve sv\u00e9m oboru tvo\u0159\u00ed, jak\u00e9 \u00fasp\u011bchy m\u00e1 za sebou a jak\u00fdm sm\u011brem se moment\u00e1ln\u011b ub\u00edr\u00e1, pop\u0159\u00edpad\u011b chce v [&hellip;]<\/p>\n","protected":false},"author":1,"featured_media":0,"parent":156,"menu_order":0,"comment_status":"closed","ping_status":"closed","template":"","meta":{"_acf_changed":false,"footnotes":""},"class_list":["post-168","page","type-page","status-publish","hentry"],"acf":[],"_links":{"self":[{"href":"https:\/\/www.nelen.cz\/2015\/wp-json\/wp\/v2\/pages\/168","targetHints":{"allow":["GET"]}}],"collection":[{"href":"https:\/\/www.nelen.cz\/2015\/wp-json\/wp\/v2\/pages"}],"about":[{"href":"https:\/\/www.nelen.cz\/2015\/wp-json\/wp\/v2\/types\/page"}],"author":[{"embeddable":true,"href":"https:\/\/www.nelen.cz\/2015\/wp-json\/wp\/v2\/users\/1"}],"replies":[{"embeddable":true,"href":"https:\/\/www.nelen.cz\/2015\/wp-json\/wp\/v2\/comments?post=168"}],"version-history":[{"count":0,"href":"https:\/\/www.nelen.cz\/2015\/wp-json\/wp\/v2\/pages\/168\/revisions"}],"up":[{"embeddable":true,"href":"https:\/\/www.nelen.cz\/2015\/wp-json\/wp\/v2\/pages\/156"}],"wp:attachment":[{"href":"https:\/\/www.nelen.cz\/2015\/wp-json\/wp\/v2\/media?parent=168"}],"curies":[{"name":"wp","href":"https:\/\/api.w.org\/{rel}","templated":true}]}}