{"id":276,"date":"2016-03-31T19:35:30","date_gmt":"2016-03-31T18:35:30","guid":{"rendered":"http:\/\/www.nelen.cz\/?page_id=276"},"modified":"2016-03-31T19:35:30","modified_gmt":"2016-03-31T18:35:30","slug":"michal-kliment","status":"publish","type":"page","link":"https:\/\/www.nelen.cz\/2015\/kontakty\/michal-kliment\/","title":{"rendered":"Michal Kliment"},"content":{"rendered":"<p><img loading=\"lazy\" decoding=\"async\" class=\"alignright wp-image-422 size-full\" src=\"http:\/\/www.nelen.cz\/2015\/wp-content\/uploads\/sites\/2\/2016\/03\/foto.jpg\" alt=\"\" width=\"200\" height=\"300\" \/><\/p>\n<p>E-mail: <strong>kliment@nelen.cz<\/strong><\/p>\n<p>Telefon: <strong>777 835 670<\/strong><\/p>\n<p><em>Koordin\u00e1tor webu a technick\u00e9 zaji\u0161t\u011bn\u00ed festivalu<\/em><\/p>\n","protected":false},"excerpt":{"rendered":"<p>E-mail: kliment@nelen.cz Telefon: 777 835 670 Koordin\u00e1tor webu a technick\u00e9 zaji\u0161t\u011bn\u00ed festivalu<\/p>\n","protected":false},"author":1,"featured_media":0,"parent":255,"menu_order":0,"comment_status":"closed","ping_status":"closed","template":"","meta":{"_acf_changed":false,"footnotes":""},"class_list":["post-276","page","type-page","status-publish","hentry"],"acf":[],"_links":{"self":[{"href":"https:\/\/www.nelen.cz\/2015\/wp-json\/wp\/v2\/pages\/276","targetHints":{"allow":["GET"]}}],"collection":[{"href":"https:\/\/www.nelen.cz\/2015\/wp-json\/wp\/v2\/pages"}],"about":[{"href":"https:\/\/www.nelen.cz\/2015\/wp-json\/wp\/v2\/types\/page"}],"author":[{"embeddable":true,"href":"https:\/\/www.nelen.cz\/2015\/wp-json\/wp\/v2\/users\/1"}],"replies":[{"embeddable":true,"href":"https:\/\/www.nelen.cz\/2015\/wp-json\/wp\/v2\/comments?post=276"}],"version-history":[{"count":0,"href":"https:\/\/www.nelen.cz\/2015\/wp-json\/wp\/v2\/pages\/276\/revisions"}],"up":[{"embeddable":true,"href":"https:\/\/www.nelen.cz\/2015\/wp-json\/wp\/v2\/pages\/255"}],"wp:attachment":[{"href":"https:\/\/www.nelen.cz\/2015\/wp-json\/wp\/v2\/media?parent=276"}],"curies":[{"name":"wp","href":"https:\/\/api.w.org\/{rel}","templated":true}]}}