{"id":295,"date":"2016-04-02T14:59:49","date_gmt":"2016-04-02T13:59:49","guid":{"rendered":"http:\/\/www.nelen.cz\/?page_id=295"},"modified":"2016-04-02T14:59:49","modified_gmt":"2016-04-02T13:59:49","slug":"renata-strbakova","status":"publish","type":"page","link":"https:\/\/www.nelen.cz\/2015\/kontakty\/renata-strbakova\/","title":{"rendered":"Mgr. Renata \u0160trb\u00e1kov\u00e1"},"content":{"rendered":"<p><img loading=\"lazy\" decoding=\"async\" class=\"size-full wp-image-299 alignright\" src=\"http:\/\/www.nelen.cz\/2015\/wp-content\/uploads\/sites\/2\/2016\/04\/strbakova_renata.jpg\" alt=\"strbakova_renata\" width=\"200\" height=\"300\" \/><\/p>\n<p>E-mail: <strong>renata.strbakova@gmail.com<\/strong><\/p>\n<p>Telefon: <strong>737 562 147<\/strong><\/p>\n<p><em>Koordin\u00e1torka \u00fa\u010dastn\u00edk\u016f a informa\u010dn\u00edho st\u00e1nku<\/em><\/p>\n","protected":false},"excerpt":{"rendered":"<p>E-mail: renata.strbakova@gmail.com Telefon: 737 562 147 Koordin\u00e1torka \u00fa\u010dastn\u00edk\u016f a informa\u010dn\u00edho st\u00e1nku<\/p>\n","protected":false},"author":1,"featured_media":0,"parent":255,"menu_order":0,"comment_status":"closed","ping_status":"closed","template":"","meta":{"_acf_changed":false,"footnotes":""},"class_list":["post-295","page","type-page","status-publish","hentry"],"acf":[],"_links":{"self":[{"href":"https:\/\/www.nelen.cz\/2015\/wp-json\/wp\/v2\/pages\/295","targetHints":{"allow":["GET"]}}],"collection":[{"href":"https:\/\/www.nelen.cz\/2015\/wp-json\/wp\/v2\/pages"}],"about":[{"href":"https:\/\/www.nelen.cz\/2015\/wp-json\/wp\/v2\/types\/page"}],"author":[{"embeddable":true,"href":"https:\/\/www.nelen.cz\/2015\/wp-json\/wp\/v2\/users\/1"}],"replies":[{"embeddable":true,"href":"https:\/\/www.nelen.cz\/2015\/wp-json\/wp\/v2\/comments?post=295"}],"version-history":[{"count":0,"href":"https:\/\/www.nelen.cz\/2015\/wp-json\/wp\/v2\/pages\/295\/revisions"}],"up":[{"embeddable":true,"href":"https:\/\/www.nelen.cz\/2015\/wp-json\/wp\/v2\/pages\/255"}],"wp:attachment":[{"href":"https:\/\/www.nelen.cz\/2015\/wp-json\/wp\/v2\/media?parent=295"}],"curies":[{"name":"wp","href":"https:\/\/api.w.org\/{rel}","templated":true}]}}