{"id":58,"date":"2016-03-31T18:27:20","date_gmt":"2016-03-31T17:27:20","guid":{"rendered":"http:\/\/www.nelen.cz\/?page_id=58"},"modified":"2016-03-31T18:27:20","modified_gmt":"2016-03-31T17:27:20","slug":"lea-koncerova","status":"publish","type":"page","link":"https:\/\/www.nelen.cz\/2015\/ucinkujici\/architektura-a-stavitelstvi\/lea-koncerova\/","title":{"rendered":"Bc. Lea Koncerov\u00e1"},"content":{"rendered":"<p><img loading=\"lazy\" decoding=\"async\" class=\"size-medium wp-image-39 alignright\" src=\"http:\/\/www.nelen.cz\/2015\/wp-content\/uploads\/sites\/2\/2016\/03\/koncerova_lea-200x300.jpg\" alt=\"koncerova_lea\" width=\"200\" height=\"300\" \/><\/p>\n<p>studentka Fakulty architektury \u010cVUT<\/p>\n<p>Jmenuji se Lea Koncerov\u00e1 a narodila jsem se ve Slavi\u010d\u00edn\u011b. U\u017e na z\u00e1kladn\u00ed \u0161kole jsem se zamilovala do um\u011bn\u00ed, tvo\u0159en\u00ed a kreativity. Od t\u00e9 doby jsem p\u016fsobila v divadle SemTamF\u00f3r jako here\u010dka a posl\u00e9ze jako sc\u00e9nografka. Ve sv\u00e9m profesn\u00edm \u017eivot\u011b jsem ale dala p\u0159ednost v\u00fdtvarn\u00e9mu zam\u011b\u0159en\u00ed, konkr\u00e9tn\u011b studiu architektury na VUT v Brn\u011b. Mezi \u00fasp\u011bchy na t\u00e9to \u0161kole pat\u0159\u00ed p\u0159edev\u0161\u00edm ocen\u011bn\u00fd projekt v r\u00e1mci Ceny Bohuslava Fuchse za urbanistickou vizi pro m\u011bsta Krems a Kyjov. Tak\u00e9 moje bakal\u00e1\u0159sk\u00e1 pr\u00e1ce \u2013 n\u00e1vrh obytn\u00e9ho souboru v Brn\u011b \u2013 Kom\u00edn\u011b \u2013 byla ocen\u011bna v r\u00e1mci Ceny Bed\u0159icha Rozehnala a nominov\u00e1na na Cenu d\u011bkana. Jeden z m\u00fdch ateli\u00e9rov\u00fdch projekt\u016f se v\u011bnuje tak\u00e9 Slavi\u010d\u00ednu a pr\u00e1v\u011b tento bych cht\u011bla p\u0159i p\u0159edn\u00e1\u0161ce pro Nele\u0148! p\u0159edstavit spole\u010dn\u011b s dal\u0161\u00edmi vizemi a projekty pro na\u0161e m\u011bsto. Z hlediska praxe se v\u011bnuji tvorb\u011b vizualizac\u00ed, pracovala jsem pro brn\u011bnskou architektonickou kancel\u00e1\u0159 Dimense a sou\u010dasn\u00e9 dob\u011b pracuji jako interi\u00e9rov\u00fd design\u00e9r ve firm\u011b MYi, kter\u00e1 se v\u011bnuje n\u00e1vrh\u016fm a realizac\u00edm p\u0159edev\u0161\u00edm kancel\u00e1\u0159sk\u00fdch a reprezenta\u010dn\u00edch prostor. M\u00e9 dal\u0161\u00ed sm\u011b\u0159ov\u00e1n\u00ed se p\u0159esunuje do Prahy, kde nastupuji na Fakultu architektury \u010cVUT. Moj\u00ed v\u00e1\u0161n\u00ed jsou kopce a hory v jak\u00e9koliv form\u011b \u2013 s krosnou na z\u00e1dech, ferratov\u00fdm \u00favazem nebo na cyklistick\u00e9m sedle. Tak\u00e9 proto se r\u00e1da do Slavi\u010d\u00edna vrac\u00edm a objevuji nov\u00e9 a nov\u00e9 lesn\u00ed cesty.<\/p>\n","protected":false},"excerpt":{"rendered":"<p>studentka Fakulty architektury \u010cVUT Jmenuji se Lea Koncerov\u00e1 a narodila jsem se ve Slavi\u010d\u00edn\u011b. U\u017e na z\u00e1kladn\u00ed \u0161kole jsem se zamilovala do um\u011bn\u00ed, tvo\u0159en\u00ed a kreativity. Od t\u00e9 doby jsem p\u016fsobila v divadle SemTamF\u00f3r jako here\u010dka a posl\u00e9ze jako sc\u00e9nografka. Ve sv\u00e9m profesn\u00edm \u017eivot\u011b jsem ale dala p\u0159ednost v\u00fdtvarn\u00e9mu zam\u011b\u0159en\u00ed, konkr\u00e9tn\u011b studiu architektury na VUT [&hellip;]<\/p>\n","protected":false},"author":1,"featured_media":0,"parent":14,"menu_order":0,"comment_status":"closed","ping_status":"closed","template":"","meta":{"_acf_changed":false,"footnotes":""},"class_list":["post-58","page","type-page","status-publish","hentry"],"acf":[],"_links":{"self":[{"href":"https:\/\/www.nelen.cz\/2015\/wp-json\/wp\/v2\/pages\/58","targetHints":{"allow":["GET"]}}],"collection":[{"href":"https:\/\/www.nelen.cz\/2015\/wp-json\/wp\/v2\/pages"}],"about":[{"href":"https:\/\/www.nelen.cz\/2015\/wp-json\/wp\/v2\/types\/page"}],"author":[{"embeddable":true,"href":"https:\/\/www.nelen.cz\/2015\/wp-json\/wp\/v2\/users\/1"}],"replies":[{"embeddable":true,"href":"https:\/\/www.nelen.cz\/2015\/wp-json\/wp\/v2\/comments?post=58"}],"version-history":[{"count":0,"href":"https:\/\/www.nelen.cz\/2015\/wp-json\/wp\/v2\/pages\/58\/revisions"}],"up":[{"embeddable":true,"href":"https:\/\/www.nelen.cz\/2015\/wp-json\/wp\/v2\/pages\/14"}],"wp:attachment":[{"href":"https:\/\/www.nelen.cz\/2015\/wp-json\/wp\/v2\/media?parent=58"}],"curies":[{"name":"wp","href":"https:\/\/api.w.org\/{rel}","templated":true}]}}

Bc. Lea Koncerová

<p><img loading="lazy" decoding="async" class="size-medium wp-image-39 alignright" src="http://www.nelen.cz/2015/wp-content/uploads/sites/2/2016/03/koncerova_lea-200x300.jpg" alt="koncerova_lea" width="200" height="300" /></p>
<p>studentka Fakulty architektury ČVUT</p>
<p>Jmenuji se Lea Koncerová a narodila jsem se ve Slavičíně. Už na základní škole jsem se zamilovala do umění, tvoření a kreativity. Od té doby jsem působila v divadle SemTamFór jako herečka a posléze jako scénografka. Ve svém profesním životě jsem ale dala přednost výtvarnému zaměření, konkrétně studiu architektury na VUT v Brně. Mezi úspěchy na této škole patří především oceněný projekt v rámci Ceny Bohuslava Fuchse za urbanistickou vizi pro města Krems a Kyjov. Také moje bakalářská práce – návrh obytného souboru v Brně – Komíně – byla oceněna v rámci Ceny Bedřicha Rozehnala a nominována na Cenu děkana. Jeden z mých ateliérových projektů se věnuje také Slavičínu a právě tento bych chtěla při přednášce pro Neleň! představit společně s dalšími vizemi a projekty pro naše město. Z hlediska praxe se věnuji tvorbě vizualizací, pracovala jsem pro brněnskou architektonickou kancelář Dimense a současné době pracuji jako interiérový designér ve firmě MYi, která se věnuje návrhům a realizacím především kancelářských a reprezentačních prostor. Mé další směřování se přesunuje do Prahy, kde nastupuji na Fakultu architektury ČVUT. Mojí vášní jsou kopce a hory v jakékoliv formě – s krosnou na zádech, ferratovým úvazem nebo na cyklistickém sedle. Také proto se ráda do Slavičína vracím a objevuji nové a nové lesní cesty.</p>

<p>studentka Fakulty architektury ČVUT Jmenuji se Lea Koncerová a narodila jsem se ve Slavičíně. Už na základní škole jsem se zamilovala do umění, tvoření a kreativity. Od té doby jsem působila v divadle SemTamFór jako herečka a posléze jako scénografka. Ve svém profesním životě jsem ale dala přednost výtvarnému zaměření, konkrétně studiu architektury na VUT [&hellip;]</p>
