{"id":60,"date":"2016-03-31T18:28:27","date_gmt":"2016-03-31T17:28:27","guid":{"rendered":"http:\/\/www.nelen.cz\/?page_id=60"},"modified":"2016-03-31T18:28:27","modified_gmt":"2016-03-31T17:28:27","slug":"katerina-fryzelkova","status":"publish","type":"page","link":"https:\/\/www.nelen.cz\/2015\/ucinkujici\/architektura-a-stavitelstvi\/katerina-fryzelkova\/","title":{"rendered":"Ing. arch. Kate\u0159ina Fryzelkov\u00e1"},"content":{"rendered":"<p><img loading=\"lazy\" decoding=\"async\" class=\"size-medium wp-image-29 alignright\" src=\"http:\/\/www.nelen.cz\/2015\/wp-content\/uploads\/sites\/2\/2016\/03\/fryzelkova_katerina-200x300.jpg\" alt=\"fryzelkova_katerina\" width=\"200\" height=\"300\" \/><\/p>\n<p>architektka<\/p>\n<p>Poch\u00e1z\u00edm z Rudimova, mal\u00e9 vesni\u010dky bl\u00edzko Slavi\u010d\u00edna. Po absolvov\u00e1n\u00ed zdej\u0161\u00edho gymn\u00e1zia jsem ode\u0161la za studiem architektury na Technickou univerzitu do severo\u010desk\u00e9ho Liberce, m\u011bsta pod slavn\u00fdm Je\u0161t\u011bdem. V roce 2013 jsem absolvovala p\u016flro\u010dn\u00ed studijn\u00ed st\u00e1\u017e v belgick\u00e9m Gentu na univerzit\u011b KU Leuven \u2013 Sint Lucas. Po absolvov\u00e1n\u00ed magistersk\u00e9ho studia jsem se p\u0159esunula do Prahy, kde v sou\u010dasn\u00e9 dob\u011b bydl\u00edm a pracuji v mal\u00e9m architektonick\u00e9m studiu Mimosa. Zaj\u00edm\u00e1m se o design, hudbu, um\u011bn\u00ed, film a r\u00e1da cestuji, nejrad\u011bji za inspiracemi. Kdy\u017e m\u00e1m \u010das, zajdu si na dobr\u00fd koncert, v\u00fdstavu, nebo jen tak posed\u011bt do kav\u00e1rny. Do sv\u00e9ho kraje se vrac\u00edm r\u00e1da, i kdy\u017e bohu\u017eel ne tak \u010dasto.<\/p>\n","protected":false},"excerpt":{"rendered":"<p>architektka Poch\u00e1z\u00edm z Rudimova, mal\u00e9 vesni\u010dky bl\u00edzko Slavi\u010d\u00edna. Po absolvov\u00e1n\u00ed zdej\u0161\u00edho gymn\u00e1zia jsem ode\u0161la za studiem architektury na Technickou univerzitu do severo\u010desk\u00e9ho Liberce, m\u011bsta pod slavn\u00fdm Je\u0161t\u011bdem. V roce 2013 jsem absolvovala p\u016flro\u010dn\u00ed studijn\u00ed st\u00e1\u017e v belgick\u00e9m Gentu na univerzit\u011b KU Leuven \u2013 Sint Lucas. Po absolvov\u00e1n\u00ed magistersk\u00e9ho studia jsem se p\u0159esunula do Prahy, kde [&hellip;]<\/p>\n","protected":false},"author":1,"featured_media":0,"parent":14,"menu_order":0,"comment_status":"closed","ping_status":"closed","template":"","meta":{"_acf_changed":false,"footnotes":""},"class_list":["post-60","page","type-page","status-publish","hentry"],"acf":[],"_links":{"self":[{"href":"https:\/\/www.nelen.cz\/2015\/wp-json\/wp\/v2\/pages\/60","targetHints":{"allow":["GET"]}}],"collection":[{"href":"https:\/\/www.nelen.cz\/2015\/wp-json\/wp\/v2\/pages"}],"about":[{"href":"https:\/\/www.nelen.cz\/2015\/wp-json\/wp\/v2\/types\/page"}],"author":[{"embeddable":true,"href":"https:\/\/www.nelen.cz\/2015\/wp-json\/wp\/v2\/users\/1"}],"replies":[{"embeddable":true,"href":"https:\/\/www.nelen.cz\/2015\/wp-json\/wp\/v2\/comments?post=60"}],"version-history":[{"count":0,"href":"https:\/\/www.nelen.cz\/2015\/wp-json\/wp\/v2\/pages\/60\/revisions"}],"up":[{"embeddable":true,"href":"https:\/\/www.nelen.cz\/2015\/wp-json\/wp\/v2\/pages\/14"}],"wp:attachment":[{"href":"https:\/\/www.nelen.cz\/2015\/wp-json\/wp\/v2\/media?parent=60"}],"curies":[{"name":"wp","href":"https:\/\/api.w.org\/{rel}","templated":true}]}}

Ing. arch. Kateřina Fryzelková

<p><img loading="lazy" decoding="async" class="size-medium wp-image-29 alignright" src="http://www.nelen.cz/2015/wp-content/uploads/sites/2/2016/03/fryzelkova_katerina-200x300.jpg" alt="fryzelkova_katerina" width="200" height="300" /></p>
<p>architektka</p>
<p>Pocházím z Rudimova, malé vesničky blízko Slavičína. Po absolvování zdejšího gymnázia jsem odešla za studiem architektury na Technickou univerzitu do severočeského Liberce, města pod slavným Ještědem. V roce 2013 jsem absolvovala půlroční studijní stáž v belgickém Gentu na univerzitě KU Leuven – Sint Lucas. Po absolvování magisterského studia jsem se přesunula do Prahy, kde v současné době bydlím a pracuji v malém architektonickém studiu Mimosa. Zajímám se o design, hudbu, umění, film a ráda cestuji, nejraději za inspiracemi. Když mám čas, zajdu si na dobrý koncert, výstavu, nebo jen tak posedět do kavárny. Do svého kraje se vracím ráda, i když bohužel ne tak často.</p>

<p>architektka Pocházím z Rudimova, malé vesničky blízko Slavičína. Po absolvování zdejšího gymnázia jsem odešla za studiem architektury na Technickou univerzitu do severočeského Liberce, města pod slavným Ještědem. V roce 2013 jsem absolvovala půlroční studijní stáž v belgickém Gentu na univerzitě KU Leuven – Sint Lucas. Po absolvování magisterského studia jsem se přesunula do Prahy, kde [&hellip;]</p>
