{"id":72,"date":"2016-03-31T18:33:21","date_gmt":"2016-03-31T17:33:21","guid":{"rendered":"http:\/\/www.nelen.cz\/?page_id=72"},"modified":"2016-03-31T18:33:21","modified_gmt":"2016-03-31T17:33:21","slug":"petr-domorad","status":"publish","type":"page","link":"https:\/\/www.nelen.cz\/2015\/ucinkujici\/umeni\/petr-domorad\/","title":{"rendered":"BcA. Petr Domor\u00e1d"},"content":{"rendered":"<p><img loading=\"lazy\" decoding=\"async\" class=\"size-medium wp-image-23 alignright\" src=\"http:\/\/www.nelen.cz\/2015\/wp-content\/uploads\/sites\/2\/2016\/03\/domorad_petr-200x300.jpg\" alt=\"domorad_petr\" width=\"200\" height=\"300\" \/><\/p>\n<p>student FaVU<\/p>\n<p>V roce 2010 jsem odmaturoval na UMPRUM v Uhersk\u00e9m Hradi\u0161ti, obor Tvarov\u00e1n\u00ed pr\u016fmyslov\u00fdch v\u00fdrobk\u016f. Nyn\u00ed jsem studentem 6. ro\u010dn\u00edku na FaVU v Brn\u011b, ateli\u00e9r Produktov\u00e9ho designu. V roce 2013 jsem absolvoval p\u016flro\u010dn\u00ed studijn\u00ed st\u00e1\u017e (ERASMUS) v Estonsku, Tallinn. Tam jsem si obl\u00edbil kresbu, grafiku a grafick\u00e9 techniky, kter\u00e9 jsem tam studoval. Nyn\u00ed se v\u011bnuji hlavn\u011b kresb\u011b a tetov\u00e1n\u00ed, ve kter\u00fdch se sna\u017e\u00edm po\u0159\u00e1d zlep\u0161ovat. Ale ned\u00e1vno jsem pro\u0161el p\u00e1r m\u011bs\u00ed\u010dn\u00ed praxi ve firm\u011b Meduse Design, kter\u00e1 se zab\u00fdv\u00e1 designem luxusn\u00edch vodn\u00edch d\u00fdmek a tak kone\u010dn\u011b trochu uplat\u0148uji obor, kter\u00fd u\u017e n\u011bkolik let studuji. Mimo jin\u00e9 se tak\u00e9 v\u011bnuji hudb\u011b, od mala hraji na housle a na kytaru, s kapelou m\u00e1me za sebou n\u011bkolik koncert\u016f po \u010cR.<\/p>\n","protected":false},"excerpt":{"rendered":"<p>student FaVU V roce 2010 jsem odmaturoval na UMPRUM v Uhersk\u00e9m Hradi\u0161ti, obor Tvarov\u00e1n\u00ed pr\u016fmyslov\u00fdch v\u00fdrobk\u016f. Nyn\u00ed jsem studentem 6. ro\u010dn\u00edku na FaVU v Brn\u011b, ateli\u00e9r Produktov\u00e9ho designu. V roce 2013 jsem absolvoval p\u016flro\u010dn\u00ed studijn\u00ed st\u00e1\u017e (ERASMUS) v Estonsku, Tallinn. Tam jsem si obl\u00edbil kresbu, grafiku a grafick\u00e9 techniky, kter\u00e9 jsem tam studoval. Nyn\u00ed se [&hellip;]<\/p>\n","protected":false},"author":1,"featured_media":0,"parent":68,"menu_order":0,"comment_status":"closed","ping_status":"closed","template":"","meta":{"_acf_changed":false,"footnotes":""},"class_list":["post-72","page","type-page","status-publish","hentry"],"acf":[],"_links":{"self":[{"href":"https:\/\/www.nelen.cz\/2015\/wp-json\/wp\/v2\/pages\/72","targetHints":{"allow":["GET"]}}],"collection":[{"href":"https:\/\/www.nelen.cz\/2015\/wp-json\/wp\/v2\/pages"}],"about":[{"href":"https:\/\/www.nelen.cz\/2015\/wp-json\/wp\/v2\/types\/page"}],"author":[{"embeddable":true,"href":"https:\/\/www.nelen.cz\/2015\/wp-json\/wp\/v2\/users\/1"}],"replies":[{"embeddable":true,"href":"https:\/\/www.nelen.cz\/2015\/wp-json\/wp\/v2\/comments?post=72"}],"version-history":[{"count":0,"href":"https:\/\/www.nelen.cz\/2015\/wp-json\/wp\/v2\/pages\/72\/revisions"}],"up":[{"embeddable":true,"href":"https:\/\/www.nelen.cz\/2015\/wp-json\/wp\/v2\/pages\/68"}],"wp:attachment":[{"href":"https:\/\/www.nelen.cz\/2015\/wp-json\/wp\/v2\/media?parent=72"}],"curies":[{"name":"wp","href":"https:\/\/api.w.org\/{rel}","templated":true}]}}

BcA. Petr Domorád

<p><img loading="lazy" decoding="async" class="size-medium wp-image-23 alignright" src="http://www.nelen.cz/2015/wp-content/uploads/sites/2/2016/03/domorad_petr-200x300.jpg" alt="domorad_petr" width="200" height="300" /></p>
<p>student FaVU</p>
<p>V roce 2010 jsem odmaturoval na UMPRUM v Uherském Hradišti, obor Tvarování průmyslových výrobků. Nyní jsem studentem 6. ročníku na FaVU v Brně, ateliér Produktového designu. V roce 2013 jsem absolvoval půlroční studijní stáž (ERASMUS) v Estonsku, Tallinn. Tam jsem si oblíbil kresbu, grafiku a grafické techniky, které jsem tam studoval. Nyní se věnuji hlavně kresbě a tetování, ve kterých se snažím pořád zlepšovat. Ale nedávno jsem prošel pár měsíční praxi ve firmě Meduse Design, která se zabývá designem luxusních vodních dýmek a tak konečně trochu uplatňuji obor, který už několik let studuji. Mimo jiné se také věnuji hudbě, od mala hraji na housle a na kytaru, s kapelou máme za sebou několik koncertů po ČR.</p>

<p>student FaVU V roce 2010 jsem odmaturoval na UMPRUM v Uherském Hradišti, obor Tvarování průmyslových výrobků. Nyní jsem studentem 6. ročníku na FaVU v Brně, ateliér Produktového designu. V roce 2013 jsem absolvoval půlroční studijní stáž (ERASMUS) v Estonsku, Tallinn. Tam jsem si oblíbil kresbu, grafiku a grafické techniky, které jsem tam studoval. Nyní se [&hellip;]</p>
