{"id":74,"date":"2016-03-31T18:34:45","date_gmt":"2016-03-31T17:34:45","guid":{"rendered":"http:\/\/www.nelen.cz\/?page_id=74"},"modified":"2016-03-31T18:34:45","modified_gmt":"2016-03-31T17:34:45","slug":"natalie-nepovimova","status":"publish","type":"page","link":"https:\/\/www.nelen.cz\/2015\/ucinkujici\/umeni\/natalie-nepovimova\/","title":{"rendered":"Nat\u00e1lie Nepov\u00edmov\u00e1"},"content":{"rendered":"<p><img loading=\"lazy\" decoding=\"async\" class=\"size-medium wp-image-42 alignright\" src=\"http:\/\/www.nelen.cz\/2015\/wp-content\/uploads\/sites\/2\/2016\/03\/nepovimova_natalie-200x300.png\" alt=\"nepovimova_natalie\" width=\"200\" height=\"300\" \/><\/p>\n<p>studentka V\u0160UP v Praze, ateli\u00e9r design od\u011bvu a obuvi<\/p>\n<p>Nyn\u00ed studuji v prvn\u00edm ro\u010dn\u00edku na Vysok\u00e9 \u0161kole um\u011bleckopr\u016fmyslov\u00e9 v Praze v ateli\u00e9ru designu od\u011bvu a obuvi pod veden\u00edm m\u00f3dn\u00ed n\u00e1vrh\u00e1\u0159ky doc. Lib\u011bny Rochov\u00e9. Absolvovala jsem St\u0159edn\u00ed um\u011bleckopr\u016fmyslovou \u0161kolu v Uhersk\u00e9m Hradi\u0161ti v ateli\u00e9ru designu od\u011bvu. Za posledn\u00ed roky se mi poda\u0159ilo z\u00edskat p\u00e1r ocen\u011bn\u00ed v sout\u011b\u017e\u00edch, \u00fa\u010dast na p\u00e1r v\u00fdstav\u00e1ch nap\u0159.- 1. m\u00edsto ve Fashion Games v Praze (\u010derven 2014), fin\u00e1le sout\u011b\u017ee Art Room v r\u00e1mci OAFF v \u010cesk\u00e9m Krumlov\u011b (\u010derven 2015), 3. m\u00edsto na sout\u011b\u017ei Doteky m\u00f3dy v Prost\u011bjov\u011b (duben 2014), Ocen\u011bn\u00ed v sout\u011b\u017en\u00ed v\u00fdstav\u011b Junior design fest Bratislava (duben 2014) \/\/ kdy\u017etak v\u00edc zde: <a href=\"http:\/\/natalienepovim.wix.com\/natalienepovim#!cv\/cs9o\" target=\"_blank\">http:\/\/natalienepovim.wix.com\/natalienepovim#!cv\/cs9o<\/a> Design od\u011bvu, obuvi a m\u00f3dn\u00edch dopl\u0148k\u016f m\u011b velmi bav\u00ed a napl\u0148uje, t\u011b\u0161\u00edm se na studium na V\u0160UP v Praze, zat\u00edm v tom hodl\u00e1m pokra\u010dovat jak nejl\u00edp to p\u016fjde a uvid\u00edme jak to dopadne.<\/p>\n","protected":false},"excerpt":{"rendered":"<p>studentka V\u0160UP v Praze, ateli\u00e9r design od\u011bvu a obuvi Nyn\u00ed studuji v prvn\u00edm ro\u010dn\u00edku na Vysok\u00e9 \u0161kole um\u011bleckopr\u016fmyslov\u00e9 v Praze v ateli\u00e9ru designu od\u011bvu a obuvi pod veden\u00edm m\u00f3dn\u00ed n\u00e1vrh\u00e1\u0159ky doc. Lib\u011bny Rochov\u00e9. Absolvovala jsem St\u0159edn\u00ed um\u011bleckopr\u016fmyslovou \u0161kolu v Uhersk\u00e9m Hradi\u0161ti v ateli\u00e9ru designu od\u011bvu. Za posledn\u00ed roky se mi poda\u0159ilo z\u00edskat p\u00e1r ocen\u011bn\u00ed v [&hellip;]<\/p>\n","protected":false},"author":1,"featured_media":0,"parent":68,"menu_order":0,"comment_status":"closed","ping_status":"closed","template":"","meta":{"_acf_changed":false,"footnotes":""},"class_list":["post-74","page","type-page","status-publish","hentry"],"acf":[],"_links":{"self":[{"href":"https:\/\/www.nelen.cz\/2015\/wp-json\/wp\/v2\/pages\/74","targetHints":{"allow":["GET"]}}],"collection":[{"href":"https:\/\/www.nelen.cz\/2015\/wp-json\/wp\/v2\/pages"}],"about":[{"href":"https:\/\/www.nelen.cz\/2015\/wp-json\/wp\/v2\/types\/page"}],"author":[{"embeddable":true,"href":"https:\/\/www.nelen.cz\/2015\/wp-json\/wp\/v2\/users\/1"}],"replies":[{"embeddable":true,"href":"https:\/\/www.nelen.cz\/2015\/wp-json\/wp\/v2\/comments?post=74"}],"version-history":[{"count":0,"href":"https:\/\/www.nelen.cz\/2015\/wp-json\/wp\/v2\/pages\/74\/revisions"}],"up":[{"embeddable":true,"href":"https:\/\/www.nelen.cz\/2015\/wp-json\/wp\/v2\/pages\/68"}],"wp:attachment":[{"href":"https:\/\/www.nelen.cz\/2015\/wp-json\/wp\/v2\/media?parent=74"}],"curies":[{"name":"wp","href":"https:\/\/api.w.org\/{rel}","templated":true}]}}

Natálie Nepovímová

<p><img loading="lazy" decoding="async" class="size-medium wp-image-42 alignright" src="http://www.nelen.cz/2015/wp-content/uploads/sites/2/2016/03/nepovimova_natalie-200x300.png" alt="nepovimova_natalie" width="200" height="300" /></p>
<p>studentka VŠUP v Praze, ateliér design oděvu a obuvi</p>
<p>Nyní studuji v prvním ročníku na Vysoké škole uměleckoprůmyslové v Praze v ateliéru designu oděvu a obuvi pod vedením módní návrhářky doc. Liběny Rochové. Absolvovala jsem Střední uměleckoprůmyslovou školu v Uherském Hradišti v ateliéru designu oděvu. Za poslední roky se mi podařilo získat pár ocenění v soutěžích, účast na pár výstavách např.- 1. místo ve Fashion Games v Praze (červen 2014), finále soutěže Art Room v rámci OAFF v Českém Krumlově (červen 2015), 3. místo na soutěži Doteky módy v Prostějově (duben 2014), Ocenění v soutěžní výstavě Junior design fest Bratislava (duben 2014) // kdyžtak víc zde: <a href="http://natalienepovim.wix.com/natalienepovim#!cv/cs9o" target="_blank">http://natalienepovim.wix.com/natalienepovim#!cv/cs9o</a> Design oděvu, obuvi a módních doplňků mě velmi baví a naplňuje, těším se na studium na VŠUP v Praze, zatím v tom hodlám pokračovat jak nejlíp to půjde a uvidíme jak to dopadne.</p>

<p>studentka VŠUP v Praze, ateliér design oděvu a obuvi Nyní studuji v prvním ročníku na Vysoké škole uměleckoprůmyslové v Praze v ateliéru designu oděvu a obuvi pod vedením módní návrhářky doc. Liběny Rochové. Absolvovala jsem Střední uměleckoprůmyslovou školu v Uherském Hradišti v ateliéru designu oděvu. Za poslední roky se mi podařilo získat pár ocenění v [&hellip;]</p>
