{"id":1549,"date":"2017-10-19T00:56:41","date_gmt":"2017-10-18T22:56:41","guid":{"rendered":"https:\/\/www.nelen.cz\/?post_type=performer&amp;p=1549"},"modified":"2017-10-19T00:56:41","modified_gmt":"2017-10-18T22:56:41","slug":"marian-dej","status":"publish","type":"performer","link":"https:\/\/www.nelen.cz\/2017\/ucinkujici\/marian-dej\/","title":{"rendered":"Marian Dej"},"content":{"rendered":"<p>Jsem kn\u011bz a tak moje pr\u00e1ce spo\u010d\u00edva hlavn\u011b v slu\u017eb\u011b lidem.<\/p>\n","protected":false},"excerpt":{"rendered":"<p>Jsem kn\u011bz a tak moje pr\u00e1ce spo\u010d\u00edva hlavn\u011b v slu\u017eb\u011b lidem.<\/p>\n","protected":false},"featured_media":1721,"menu_order":0,"template":"","meta":{"_acf_changed":false,"footnotes":""},"class_list":["post-1549","performer","type-performer","status-publish","has-post-thumbnail","hentry"],"acf":{"title_pre":"","firstname":"Marian","surname":"Dej","title_post":"","position":"","town":"","phone":"","email":""},"_links":{"self":[{"href":"https:\/\/www.nelen.cz\/2017\/wp-json\/wp\/v2\/performer\/1549","targetHints":{"allow":["GET"]}}],"collection":[{"href":"https:\/\/www.nelen.cz\/2017\/wp-json\/wp\/v2\/performer"}],"about":[{"href":"https:\/\/www.nelen.cz\/2017\/wp-json\/wp\/v2\/types\/performer"}],"version-history":[{"count":0,"href":"https:\/\/www.nelen.cz\/2017\/wp-json\/wp\/v2\/performer\/1549\/revisions"}],"wp:featuredmedia":[{"embeddable":true,"href":"https:\/\/www.nelen.cz\/2017\/wp-json\/wp\/v2\/media\/1721"}],"wp:attachment":[{"href":"https:\/\/www.nelen.cz\/2017\/wp-json\/wp\/v2\/media?parent=1549"}],"curies":[{"name":"wp","href":"https:\/\/api.w.org\/{rel}","templated":true}]}}

<p>Jsem kněz a tak moje práce spočíva hlavně v službě lidem.</p>
