{"id":1571,"date":"2017-10-19T01:11:19","date_gmt":"2017-10-18T23:11:19","guid":{"rendered":"https:\/\/www.nelen.cz\/?post_type=performer&amp;p=1571"},"modified":"2017-10-19T01:11:19","modified_gmt":"2017-10-18T23:11:19","slug":"radek-fryzelka","status":"publish","type":"performer","link":"https:\/\/www.nelen.cz\/2017\/ucinkujici\/radek-fryzelka\/","title":{"rendered":"Radek Fryzelka"},"content":{"rendered":"<p>&#8222;Jsem \u010dlov\u011bk, kter\u00fd je hrd\u00fd na sv\u016fj domov a vid\u00ed velkou inspiraci ve vala\u0161sk\u00e9 p\u0159\u00edrod\u011b, lidov\u00e9 kultu\u0159e a cel\u00e9 v\u00fdchodn\u00ed Morav\u011b. Z\u00e1rove\u0148 ov\u0161em vid\u00edm, podobn\u011b jako i spousta dal\u0161\u00edch lid\u00ed, spoustu v\u011bc\u00ed, kter\u00e9 bych r\u00e1d p\u0159em\u011bnil k lep\u0161\u00edmu a s kter\u00fdmi je p\u0159\u00edmo nutn\u00e9 &#8222;&#8220;n\u011bco d\u011blat&#8220;&#8220;. T\u011bmto v\u011bcem se v r\u016fzn\u00fdch podob\u00e1ch v\u011bnuji od 19 let. O n\u011bco pozd\u011bji spole\u010dn\u011b s kamar\u00e1dy zalo\u017eil Ob\u010dansk\u00e9 sdru\u017een\u00ed DOKOPY, kter\u00e9 se velmi rychle rozr\u016fstlo o dal\u0161\u00ed skv\u011bl\u00e9 \u010dleny a stalo se &#8222;&#8220;velk\u00fdm hybatelem&#8220;&#8220; upadnut\u00e9 kultury i celkov\u00e9ho d\u011bn\u00ed na Vlachovsku.<br \/>\nVystudoval jsem Design a tvorbu n\u00e1bytku na MZLU v Brn\u011b. Profesi jsem se po studi\u00edch n\u011bkolik let v\u011bnoval. P\u0159ed 4 lety jsem se ov\u0161em postupn\u011b rozhodl j\u00edt za sv\u00fdm snem a s man\u017eelkou se v\u011bnovat tomu, co n\u00e1m d\u00e1valo v\u011bt\u0161\u00ed smysl. Zrekonstruovali jsme starou su\u0161\u00edrnu ovoce a ekologicky hospoda\u0159\u00edme na vlastn\u00edm pozemku. P\u011bstujeme jedl\u00e9 kv\u011bty a hlavn\u011b byliny, kter\u00e9 d\u00e1le zpracov\u00e1me, do r\u016fzn\u00fdch forem speci\u00e1ln\u00edch v\u00fdrobk\u016f. Z\u00e1rove\u0148 jsem i neuvoln\u011bn\u00fdm m\u00edstostarostou v obci Vlachovice.&#8220;<\/p>\n","protected":false},"excerpt":{"rendered":"<p>&#8222;Jsem \u010dlov\u011bk, kter\u00fd je hrd\u00fd na sv\u016fj domov a vid\u00ed velkou inspiraci ve vala\u0161sk\u00e9 p\u0159\u00edrod\u011b, lidov\u00e9 kultu\u0159e a cel\u00e9 v\u00fdchodn\u00ed Morav\u011b. Z\u00e1rove\u0148 ov\u0161em vid\u00edm, podobn\u011b jako i spousta dal\u0161\u00edch lid\u00ed, spoustu v\u011bc\u00ed, kter\u00e9 bych r\u00e1d p\u0159em\u011bnil k lep\u0161\u00edmu a s kter\u00fdmi je p\u0159\u00edmo nutn\u00e9 &#8222;&#8220;n\u011bco d\u011blat&#8220;&#8220;. T\u011bmto v\u011bcem se v r\u016fzn\u00fdch podob\u00e1ch v\u011bnuji od 19 [&hellip;]<\/p>\n","protected":false},"featured_media":1572,"menu_order":0,"template":"","meta":{"_acf_changed":false,"footnotes":""},"class_list":["post-1571","performer","type-performer","status-publish","has-post-thumbnail","hentry"],"acf":{"title_pre":"","firstname":"Radek","surname":"Fryzelka","title_post":"","position":"","town":"","phone":"","email":""},"_links":{"self":[{"href":"https:\/\/www.nelen.cz\/2017\/wp-json\/wp\/v2\/performer\/1571","targetHints":{"allow":["GET"]}}],"collection":[{"href":"https:\/\/www.nelen.cz\/2017\/wp-json\/wp\/v2\/performer"}],"about":[{"href":"https:\/\/www.nelen.cz\/2017\/wp-json\/wp\/v2\/types\/performer"}],"version-history":[{"count":0,"href":"https:\/\/www.nelen.cz\/2017\/wp-json\/wp\/v2\/performer\/1571\/revisions"}],"wp:featuredmedia":[{"embeddable":true,"href":"https:\/\/www.nelen.cz\/2017\/wp-json\/wp\/v2\/media\/1572"}],"wp:attachment":[{"href":"https:\/\/www.nelen.cz\/2017\/wp-json\/wp\/v2\/media?parent=1571"}],"curies":[{"name":"wp","href":"https:\/\/api.w.org\/{rel}","templated":true}]}}

<p>&#8222;Jsem člověk, který je hrdý na svůj domov a vidí velkou inspiraci ve valašské přírodě, lidové kultuře a celé východní Moravě. Zároveň ovšem vidím, podobně jako i spousta dalších lidí, spoustu věcí, které bych rád přeměnil k lepšímu a s kterými je přímo nutné &#8222;&#8220;něco dělat&#8220;&#8220;. Těmto věcem se v různých podobách věnuji od 19 let. O něco později společně s kamarády založil Občanské sdružení DOKOPY, které se velmi rychle rozrůstlo o další skvělé členy a stalo se &#8222;&#8220;velkým hybatelem&#8220;&#8220; upadnuté kultury i celkového dění na Vlachovsku.<br />
Vystudoval jsem Design a tvorbu nábytku na MZLU v Brně. Profesi jsem se po studiích několik let věnoval. Před 4 lety jsem se ovšem postupně rozhodl jít za svým snem a s manželkou se věnovat tomu, co nám dávalo větší smysl. Zrekonstruovali jsme starou sušírnu ovoce a ekologicky hospodaříme na vlastním pozemku. Pěstujeme jedlé květy a hlavně byliny, které dále zpracováme, do různých forem speciálních výrobků. Zároveň jsem i neuvolněným místostarostou v obci Vlachovice.&#8220;</p>

<p>&#8222;Jsem člověk, který je hrdý na svůj domov a vidí velkou inspiraci ve valašské přírodě, lidové kultuře a celé východní Moravě. Zároveň ovšem vidím, podobně jako i spousta dalších lidí, spoustu věcí, které bych rád přeměnil k lepšímu a s kterými je přímo nutné &#8222;&#8220;něco dělat&#8220;&#8220;. Těmto věcem se v různých podobách věnuji od 19 [&hellip;]</p>
