{"id":1592,"date":"2017-10-19T01:20:48","date_gmt":"2017-10-18T23:20:48","guid":{"rendered":"https:\/\/www.nelen.cz\/?post_type=performer&amp;p=1592"},"modified":"2017-10-19T01:20:48","modified_gmt":"2017-10-18T23:20:48","slug":"mgr-veronika-drabkova","status":"publish","type":"performer","link":"https:\/\/www.nelen.cz\/2017\/ucinkujici\/mgr-veronika-drabkova\/","title":{"rendered":"Mgr. Veronika Dr\u00e1bkov\u00e1"},"content":{"rendered":"<p>\u017diji ve Zl\u00edn\u011b. Studuji d\u011bjiny um\u011bn\u00ed v doktorsk\u00e9m studiu na Univerzit\u011b Palack\u00e9ho v Olomouci. To, \u017ee poch\u00e1z\u00edm ze Zl\u00edna, se projevilo v z\u00e1jmu o jeho historii a m\u00edstn\u00ed v\u00fdtvarn\u00e9 um\u011bn\u00ed. Zdej\u0161\u00ed \u0161edes\u00e1t\u00e1 l\u00e9ta jsou mou srdcovou z\u00e1le\u017eitost\u00ed.<\/p>\n","protected":false},"excerpt":{"rendered":"<p>\u017diji ve Zl\u00edn\u011b. Studuji d\u011bjiny um\u011bn\u00ed v doktorsk\u00e9m studiu na Univerzit\u011b Palack\u00e9ho v Olomouci. To, \u017ee poch\u00e1z\u00edm ze Zl\u00edna, se projevilo v z\u00e1jmu o jeho historii a m\u00edstn\u00ed v\u00fdtvarn\u00e9 um\u011bn\u00ed. Zdej\u0161\u00ed \u0161edes\u00e1t\u00e1 l\u00e9ta jsou mou srdcovou z\u00e1le\u017eitost\u00ed.<\/p>\n","protected":false},"featured_media":1593,"menu_order":0,"template":"","meta":{"_acf_changed":false,"footnotes":""},"class_list":["post-1592","performer","type-performer","status-publish","has-post-thumbnail","hentry"],"acf":{"title_pre":"Mgr.","firstname":"Veronika","surname":"Dr\u00e1bkov\u00e1","title_post":"","position":"","town":"","phone":"","email":""},"_links":{"self":[{"href":"https:\/\/www.nelen.cz\/2017\/wp-json\/wp\/v2\/performer\/1592","targetHints":{"allow":["GET"]}}],"collection":[{"href":"https:\/\/www.nelen.cz\/2017\/wp-json\/wp\/v2\/performer"}],"about":[{"href":"https:\/\/www.nelen.cz\/2017\/wp-json\/wp\/v2\/types\/performer"}],"version-history":[{"count":0,"href":"https:\/\/www.nelen.cz\/2017\/wp-json\/wp\/v2\/performer\/1592\/revisions"}],"wp:featuredmedia":[{"embeddable":true,"href":"https:\/\/www.nelen.cz\/2017\/wp-json\/wp\/v2\/media\/1593"}],"wp:attachment":[{"href":"https:\/\/www.nelen.cz\/2017\/wp-json\/wp\/v2\/media?parent=1592"}],"curies":[{"name":"wp","href":"https:\/\/api.w.org\/{rel}","templated":true}]}}

Mgr. Veronika Drábková

<p>Žiji ve Zlíně. Studuji dějiny umění v doktorském studiu na Univerzitě Palackého v Olomouci. To, že pocházím ze Zlína, se projevilo v zájmu o jeho historii a místní výtvarné umění. Zdejší šedesátá léta jsou mou srdcovou záležitostí.</p>

Drábková
