{"id":1601,"date":"2017-10-19T01:27:14","date_gmt":"2017-10-18T23:27:14","guid":{"rendered":"https:\/\/www.nelen.cz\/?post_type=performer&amp;p=1601"},"modified":"2017-10-19T01:27:14","modified_gmt":"2017-10-18T23:27:14","slug":"ondrej-sala","status":"publish","type":"performer","link":"https:\/\/www.nelen.cz\/2017\/ucinkujici\/ondrej-sala\/","title":{"rendered":"Ond\u0159ej \u0160\u00e1la"},"content":{"rendered":"<p>Jsem vesnick\u00fd projektant, kter\u00e9ho fascinuje sv\u011bt fotbalov\u00fdch fanou\u0161k\u016f. Nemysl\u00edm ale t\u011bch fanou\u0161k\u016f, kte\u0159\u00ed sed\u00ed s lahv\u00e1\u010dem u televize, ale t\u011bch, kte\u0159\u00ed jsou aktivn\u00ed na stadionu a tvo\u0159\u00ed tu pravou fotbalovou atmosf\u00e9ru.<\/p>\n","protected":false},"excerpt":{"rendered":"<p>Jsem vesnick\u00fd projektant, kter\u00e9ho fascinuje sv\u011bt fotbalov\u00fdch fanou\u0161k\u016f. Nemysl\u00edm ale t\u011bch fanou\u0161k\u016f, kte\u0159\u00ed sed\u00ed s lahv\u00e1\u010dem u televize, ale t\u011bch, kte\u0159\u00ed jsou aktivn\u00ed na stadionu a tvo\u0159\u00ed tu pravou fotbalovou atmosf\u00e9ru.<\/p>\n","protected":false},"featured_media":1729,"menu_order":0,"template":"","meta":{"_acf_changed":false,"footnotes":""},"class_list":["post-1601","performer","type-performer","status-publish","has-post-thumbnail","hentry"],"acf":{"title_pre":"","firstname":"Ond\u0159ej","surname":"\u0160\u00e1la","title_post":"","position":"","town":"","phone":"","email":""},"_links":{"self":[{"href":"https:\/\/www.nelen.cz\/2017\/wp-json\/wp\/v2\/performer\/1601","targetHints":{"allow":["GET"]}}],"collection":[{"href":"https:\/\/www.nelen.cz\/2017\/wp-json\/wp\/v2\/performer"}],"about":[{"href":"https:\/\/www.nelen.cz\/2017\/wp-json\/wp\/v2\/types\/performer"}],"version-history":[{"count":0,"href":"https:\/\/www.nelen.cz\/2017\/wp-json\/wp\/v2\/performer\/1601\/revisions"}],"wp:featuredmedia":[{"embeddable":true,"href":"https:\/\/www.nelen.cz\/2017\/wp-json\/wp\/v2\/media\/1729"}],"wp:attachment":[{"href":"https:\/\/www.nelen.cz\/2017\/wp-json\/wp\/v2\/media?parent=1601"}],"curies":[{"name":"wp","href":"https:\/\/api.w.org\/{rel}","templated":true}]}}

Ondřej Šála

<p>Jsem vesnický projektant, kterého fascinuje svět fotbalových fanoušků. Nemyslím ale těch fanoušků, kteří sedí s lahváčem u televize, ale těch, kteří jsou aktivní na stadionu a tvoří tu pravou fotbalovou atmosféru.</p>

Ondřej

Šála
