{"id":1615,"date":"2017-10-19T01:33:03","date_gmt":"2017-10-18T23:33:03","guid":{"rendered":"https:\/\/www.nelen.cz\/?post_type=performer&amp;p=1615"},"modified":"2017-10-19T01:33:03","modified_gmt":"2017-10-18T23:33:03","slug":"marek-piza","status":"publish","type":"performer","link":"https:\/\/www.nelen.cz\/2017\/ucinkujici\/marek-piza\/","title":{"rendered":"Marek P\u00ed\u017ea"},"content":{"rendered":"<p>V sou\u010dasn\u00e9 dob\u011b studuji \u010dtvrt\u00fdm rokem design obuvi ve Zl\u00edn\u011b. Obuv\u00ed, a vlastn\u011b obut\u00fdm\/neobut\u00fdm \u010dlov\u011bkem se zab\u00fdv\u00e1m je\u0161t\u011b o n\u011bco d\u00e9le. M\u00e1m r\u00e1d pohyb v p\u0159irozen\u00e9m prost\u0159ed\u00ed a od toho se odv\u00edj\u00ed i m\u00e9 obuvnick\u00e9 zam\u011b\u0159en\u00ed. Dlouhodob\u011b hled\u00e1m zp\u016fsoby ochrany na\u0161ich chodidel, kter\u00e9 by byly co nejv\u00edce v souladu s lidsk\u00fdm t\u011blem. Nijak nelimitovaly, a spl\u0148ovaly praktick\u00e9 po\u017eadavky dne\u0161n\u00edho l\u00edn\u00e9ho u\u017eivatele, kter\u00fdm i j\u00e1 s\u00e1m bezpochyby jsem. Posledn\u00ed dobou m\u011b naplno zam\u011bstn\u00e1v\u00e1 budov\u00e1n\u00ed vlastn\u00ed obuvnick\u00e9 zna\u010dky. \u010c\u00edm v\u00edc lid\u00ed v m\u00fdch bot\u00e1ch chod\u00ed, o to v\u00edc se ot\u00e1zkou spr\u00e1vn\u00e9ho obut\u00ed \u201etr\u00e1p\u00edm\u201c.<\/p>\n","protected":false},"excerpt":{"rendered":"<p>V sou\u010dasn\u00e9 dob\u011b studuji \u010dtvrt\u00fdm rokem design obuvi ve Zl\u00edn\u011b. Obuv\u00ed, a vlastn\u011b obut\u00fdm\/neobut\u00fdm \u010dlov\u011bkem se zab\u00fdv\u00e1m je\u0161t\u011b o n\u011bco d\u00e9le. M\u00e1m r\u00e1d pohyb v p\u0159irozen\u00e9m prost\u0159ed\u00ed a od toho se odv\u00edj\u00ed i m\u00e9 obuvnick\u00e9 zam\u011b\u0159en\u00ed. Dlouhodob\u011b hled\u00e1m zp\u016fsoby ochrany na\u0161ich chodidel, kter\u00e9 by byly co nejv\u00edce v souladu s lidsk\u00fdm t\u011blem. Nijak nelimitovaly, a [&hellip;]<\/p>\n","protected":false},"featured_media":1616,"menu_order":0,"template":"","meta":{"_acf_changed":false,"footnotes":""},"class_list":["post-1615","performer","type-performer","status-publish","has-post-thumbnail","hentry"],"acf":{"title_pre":"","firstname":"Marek","surname":"P\u00ed\u017ea","title_post":"","position":"","town":"","phone":"","email":""},"_links":{"self":[{"href":"https:\/\/www.nelen.cz\/2017\/wp-json\/wp\/v2\/performer\/1615","targetHints":{"allow":["GET"]}}],"collection":[{"href":"https:\/\/www.nelen.cz\/2017\/wp-json\/wp\/v2\/performer"}],"about":[{"href":"https:\/\/www.nelen.cz\/2017\/wp-json\/wp\/v2\/types\/performer"}],"version-history":[{"count":0,"href":"https:\/\/www.nelen.cz\/2017\/wp-json\/wp\/v2\/performer\/1615\/revisions"}],"wp:featuredmedia":[{"embeddable":true,"href":"https:\/\/www.nelen.cz\/2017\/wp-json\/wp\/v2\/media\/1616"}],"wp:attachment":[{"href":"https:\/\/www.nelen.cz\/2017\/wp-json\/wp\/v2\/media?parent=1615"}],"curies":[{"name":"wp","href":"https:\/\/api.w.org\/{rel}","templated":true}]}}

Marek Píža

<p>V současné době studuji čtvrtým rokem design obuvi ve Zlíně. Obuví, a vlastně obutým/neobutým člověkem se zabývám ještě o něco déle. Mám rád pohyb v přirozeném prostředí a od toho se odvíjí i mé obuvnické zaměření. Dlouhodobě hledám způsoby ochrany našich chodidel, které by byly co nejvíce v souladu s lidským tělem. Nijak nelimitovaly, a splňovaly praktické požadavky dnešního líného uživatele, kterým i já sám bezpochyby jsem. Poslední dobou mě naplno zaměstnává budování vlastní obuvnické značky. Čím víc lidí v mých botách chodí, o to víc se otázkou správného obutí „trápím“.</p>

<p>V současné době studuji čtvrtým rokem design obuvi ve Zlíně. Obuví, a vlastně obutým/neobutým člověkem se zabývám ještě o něco déle. Mám rád pohyb v přirozeném prostředí a od toho se odvíjí i mé obuvnické zaměření. Dlouhodobě hledám způsoby ochrany našich chodidel, které by byly co nejvíce v souladu s lidským tělem. Nijak nelimitovaly, a [&hellip;]</p>

Píža
