{"id":1625,"date":"2017-10-19T01:38:24","date_gmt":"2017-10-18T23:38:24","guid":{"rendered":"https:\/\/www.nelen.cz\/?post_type=performer&amp;p=1625"},"modified":"2017-10-19T01:38:24","modified_gmt":"2017-10-18T23:38:24","slug":"radim-hanke","status":"publish","type":"performer","link":"https:\/\/www.nelen.cz\/2017\/ucinkujici\/radim-hanke\/","title":{"rendered":"Radim Hanke"},"content":{"rendered":"<p>Zab\u00fdv\u00e1m se klasick\u00fdm socha\u0159stv\u00edm, v\u011bnuji se tedy i klasick\u00fdm socha\u0159sk\u00fdm materi\u00e1l\u016fm (s\u00e1dra, kov, k\u00e1men d\u0159evo) . Vn\u00edm\u00e1m tvar jako m\u00e9dium v jeho \u0161ir\u0161\u00edm projevu od klasick\u00e9 figurace a\u017e po jej\u00ed transformaci do abstrahovan\u011bj\u0161\u00ed polohy. Tyto dv\u011b polohy se v m\u00e9 pr\u00e1ci st\u0159\u00eddaj\u00ed a jedna inspiruje druhou&#8230;.<\/p>\n","protected":false},"excerpt":{"rendered":"<p>Zab\u00fdv\u00e1m se klasick\u00fdm socha\u0159stv\u00edm, v\u011bnuji se tedy i klasick\u00fdm socha\u0159sk\u00fdm materi\u00e1l\u016fm (s\u00e1dra, kov, k\u00e1men d\u0159evo) . Vn\u00edm\u00e1m tvar jako m\u00e9dium v jeho \u0161ir\u0161\u00edm projevu od klasick\u00e9 figurace a\u017e po jej\u00ed transformaci do abstrahovan\u011bj\u0161\u00ed polohy. Tyto dv\u011b polohy se v m\u00e9 pr\u00e1ci st\u0159\u00eddaj\u00ed a jedna inspiruje druhou&#8230;.<\/p>\n","protected":false},"featured_media":1826,"menu_order":0,"template":"","meta":{"_acf_changed":false,"footnotes":""},"class_list":["post-1625","performer","type-performer","status-publish","has-post-thumbnail","hentry"],"acf":{"title_pre":"","firstname":"Radim","surname":"Hanke","title_post":"","position":"","town":"","phone":"","email":""},"_links":{"self":[{"href":"https:\/\/www.nelen.cz\/2017\/wp-json\/wp\/v2\/performer\/1625","targetHints":{"allow":["GET"]}}],"collection":[{"href":"https:\/\/www.nelen.cz\/2017\/wp-json\/wp\/v2\/performer"}],"about":[{"href":"https:\/\/www.nelen.cz\/2017\/wp-json\/wp\/v2\/types\/performer"}],"version-history":[{"count":0,"href":"https:\/\/www.nelen.cz\/2017\/wp-json\/wp\/v2\/performer\/1625\/revisions"}],"wp:featuredmedia":[{"embeddable":true,"href":"https:\/\/www.nelen.cz\/2017\/wp-json\/wp\/v2\/media\/1826"}],"wp:attachment":[{"href":"https:\/\/www.nelen.cz\/2017\/wp-json\/wp\/v2\/media?parent=1625"}],"curies":[{"name":"wp","href":"https:\/\/api.w.org\/{rel}","templated":true}]}}

<p>Zabývám se klasickým sochařstvím, věnuji se tedy i klasickým sochařským materiálům (sádra, kov, kámen dřevo) . Vnímám tvar jako médium v jeho širším projevu od klasické figurace až po její transformaci do abstrahovanější polohy. Tyto dvě polohy se v mé práci střídají a jedna inspiruje druhou&#8230;.</p>
