{"id":1631,"date":"2017-10-19T01:40:00","date_gmt":"2017-10-18T23:40:00","guid":{"rendered":"https:\/\/www.nelen.cz\/?post_type=performer&amp;p=1631"},"modified":"2017-10-19T01:40:00","modified_gmt":"2017-10-18T23:40:00","slug":"yulia-bomko","status":"publish","type":"performer","link":"https:\/\/www.nelen.cz\/2017\/ucinkujici\/yulia-bomko\/","title":{"rendered":"Yulia Bomko"},"content":{"rendered":"<p>Jsem individu\u00e1ln\u00ed pedagog v \u0161kole integrovan\u00e9ho typu. Tak\u00e9 jsem dobrovoln\u00edk v p\u00e1r ob\u010dansk\u00fdch sdru\u017een\u00edch. Prim\u00e1rn\u00ed idea m\u00e9ho v\u00fdstupu je ob\u010dansk\u00fd aktivismus. Proto\u017ee m\u016f\u017ee b\u00fdt v\u0161ude&#8230; To\u0165 obsah. Co do formy &#8211; jsem p\u0159\u00edznivec pro\u017eitkov\u00e9 pedagogiky, skrze kterou lze v\u00fd\u0161euvedenou ideu realizovat. Je to zcela hrav\u00fd proces, proto si ani neuv\u011bdom\u00edte, \u017ee kon\u00e1te moc d\u016fle\u017eit\u00e9 v\u011bci. Vlastn\u00ed pozitivn\u00ed zku\u0161enost je velmi siln\u00e1 a chce to ven. Proto jsem tu.<\/p>\n","protected":false},"excerpt":{"rendered":"<p>Jsem individu\u00e1ln\u00ed pedagog v \u0161kole integrovan\u00e9ho typu. Tak\u00e9 jsem dobrovoln\u00edk v p\u00e1r ob\u010dansk\u00fdch sdru\u017een\u00edch. Prim\u00e1rn\u00ed idea m\u00e9ho v\u00fdstupu je ob\u010dansk\u00fd aktivismus. Proto\u017ee m\u016f\u017ee b\u00fdt v\u0161ude&#8230; To\u0165 obsah. Co do formy &#8211; jsem p\u0159\u00edznivec pro\u017eitkov\u00e9 pedagogiky, skrze kterou lze v\u00fd\u0161euvedenou ideu realizovat. Je to zcela hrav\u00fd proces, proto si ani neuv\u011bdom\u00edte, \u017ee kon\u00e1te moc d\u016fle\u017eit\u00e9 v\u011bci. [&hellip;]<\/p>\n","protected":false},"featured_media":1720,"menu_order":0,"template":"","meta":{"_acf_changed":false,"footnotes":""},"class_list":["post-1631","performer","type-performer","status-publish","has-post-thumbnail","hentry"],"acf":{"title_pre":"","firstname":"Yulia","surname":"Bomko","title_post":"","position":"","town":"","phone":"","email":""},"_links":{"self":[{"href":"https:\/\/www.nelen.cz\/2017\/wp-json\/wp\/v2\/performer\/1631","targetHints":{"allow":["GET"]}}],"collection":[{"href":"https:\/\/www.nelen.cz\/2017\/wp-json\/wp\/v2\/performer"}],"about":[{"href":"https:\/\/www.nelen.cz\/2017\/wp-json\/wp\/v2\/types\/performer"}],"version-history":[{"count":0,"href":"https:\/\/www.nelen.cz\/2017\/wp-json\/wp\/v2\/performer\/1631\/revisions"}],"wp:featuredmedia":[{"embeddable":true,"href":"https:\/\/www.nelen.cz\/2017\/wp-json\/wp\/v2\/media\/1720"}],"wp:attachment":[{"href":"https:\/\/www.nelen.cz\/2017\/wp-json\/wp\/v2\/media?parent=1631"}],"curies":[{"name":"wp","href":"https:\/\/api.w.org\/{rel}","templated":true}]}}

<p>Jsem individuální pedagog v škole integrovaného typu. Také jsem dobrovolník v pár občanských sdruženích. Primární idea mého výstupu je občanský aktivismus. Protože může být všude&#8230; Toť obsah. Co do formy &#8211; jsem příznivec prožitkové pedagogiky, skrze kterou lze výšeuvedenou ideu realizovat. Je to zcela hravý proces, proto si ani neuvědomíte, že konáte moc důležité věci. Vlastní pozitivní zkušenost je velmi silná a chce to ven. Proto jsem tu.</p>

<p>Jsem individuální pedagog v škole integrovaného typu. Také jsem dobrovolník v pár občanských sdruženích. Primární idea mého výstupu je občanský aktivismus. Protože může být všude&#8230; Toť obsah. Co do formy &#8211; jsem příznivec prožitkové pedagogiky, skrze kterou lze výšeuvedenou ideu realizovat. Je to zcela hravý proces, proto si ani neuvědomíte, že konáte moc důležité věci. [&hellip;]</p>
