{"id":1672,"date":"2017-10-19T02:08:46","date_gmt":"2017-10-19T00:08:46","guid":{"rendered":"https:\/\/www.nelen.cz\/?post_type=performer&amp;p=1672"},"modified":"2017-10-19T02:08:46","modified_gmt":"2017-10-19T00:08:46","slug":"radek-chovancik","status":"publish","type":"performer","link":"https:\/\/www.nelen.cz\/2017\/ucinkujici\/radek-chovancik\/","title":{"rendered":"Radek Chovan\u010d\u00edk"},"content":{"rendered":"<p>Jsme mlad\u00ed architekti. Ve Slavi\u010d\u00edn\u011b jsme vyr\u016fstali a ve Slavi\u010d\u00edn\u011b tak\u00e9 \u017eijeme. Zaj\u00edm\u00e1me se o prost\u0159ed\u00ed, kter\u00e9 n\u00e1s obklopuje \u2013 o budovy i ve\u0159ejn\u00e9 prostory, kter\u00e9 jsou sou\u010d\u00e1st\u00ed na\u0161eho ka\u017edodenn\u00edho \u017eivota.<\/p>\n","protected":false},"excerpt":{"rendered":"<p>Jsme mlad\u00ed architekti. Ve Slavi\u010d\u00edn\u011b jsme vyr\u016fstali a ve Slavi\u010d\u00edn\u011b tak\u00e9 \u017eijeme. Zaj\u00edm\u00e1me se o prost\u0159ed\u00ed, kter\u00e9 n\u00e1s obklopuje \u2013 o budovy i ve\u0159ejn\u00e9 prostory, kter\u00e9 jsou sou\u010d\u00e1st\u00ed na\u0161eho ka\u017edodenn\u00edho \u017eivota.<\/p>\n","protected":false},"featured_media":1726,"menu_order":0,"template":"","meta":{"_acf_changed":false,"footnotes":""},"class_list":["post-1672","performer","type-performer","status-publish","has-post-thumbnail","hentry"],"acf":{"title_pre":"","firstname":"Radek","surname":"Chovan\u010d\u00edk","title_post":"","position":"","town":"","phone":"","email":""},"_links":{"self":[{"href":"https:\/\/www.nelen.cz\/2017\/wp-json\/wp\/v2\/performer\/1672","targetHints":{"allow":["GET"]}}],"collection":[{"href":"https:\/\/www.nelen.cz\/2017\/wp-json\/wp\/v2\/performer"}],"about":[{"href":"https:\/\/www.nelen.cz\/2017\/wp-json\/wp\/v2\/types\/performer"}],"version-history":[{"count":0,"href":"https:\/\/www.nelen.cz\/2017\/wp-json\/wp\/v2\/performer\/1672\/revisions"}],"wp:featuredmedia":[{"embeddable":true,"href":"https:\/\/www.nelen.cz\/2017\/wp-json\/wp\/v2\/media\/1726"}],"wp:attachment":[{"href":"https:\/\/www.nelen.cz\/2017\/wp-json\/wp\/v2\/media?parent=1672"}],"curies":[{"name":"wp","href":"https:\/\/api.w.org\/{rel}","templated":true}]}}

Radek Chovančík

<p>Jsme mladí architekti. Ve Slavičíně jsme vyrůstali a ve Slavičíně také žijeme. Zajímáme se o prostředí, které nás obklopuje – o budovy i veřejné prostory, které jsou součástí našeho každodenního života.</p>

Chovančík
