{"id":1693,"date":"2017-10-19T09:58:10","date_gmt":"2017-10-19T07:58:10","guid":{"rendered":"https:\/\/www.nelen.cz\/?post_type=performer&amp;p=1693"},"modified":"2017-10-19T09:58:10","modified_gmt":"2017-10-19T07:58:10","slug":"michaela-heckova","status":"publish","type":"performer","link":"https:\/\/www.nelen.cz\/2017\/ucinkujici\/michaela-heckova\/","title":{"rendered":"Michaela He\u010dkov\u00e1"},"content":{"rendered":"<p>Michaela He\u010dkov\u00e1 (1986) se v\u011bnuje t\u00e9matu o\u017eiven\u00ed ve\u0159ejn\u00e9ho prostoru od roku 2010. P\u016fsobila jako programov\u00e1 \u0159editelka a dramaturg na n\u011bkolika projektech na pra\u017esk\u00fdch periferi\u00edch: festival o um\u011bn\u00ed ve ve\u0159ejn\u00e9m prostoru Street for Art, p\u0159\u00edsp\u011bvkov\u00e1 organizace Praha 14 kulturn\u00ed, kreativn\u00ed a kulturn\u00ed centrum Plech\u00e1rna \u010cern\u00fd Most. Se sv\u00fdm spolkem Tolerdance, z.s. vedla galerii sou\u010dasn\u00e9ho um\u011bn\u00ed Pr\u00e1delna Bohnice v prostoru are\u00e1lu Psychiatrick\u00e9 nemocnice Bohnice a pod\u00edl\u00ed se na festivalu Bab\u00ed l\u00e9to v Bohnic\u00edch o\u017eivuj\u00edc\u00ed park tohoto specifick\u00e9ho m\u011bstsk\u00e9ho prostoru. Je absolventkou oboru \u010desk\u00e1 filologie a kultur\u00e1ln\u00ed studia na Univerzit\u011b Palack\u00e9ho v Olomouci. V sou\u010dasnosti p\u016fsob\u00ed jako project manager a audience development manager pro festival SIGNAL. V minulosti se v\u011bnovala liter\u00e1rn\u00ed publicistice a kritice nap\u0159. pro periodika: Host, Liter\u00e1rn\u00ed noviny, Respekt, \u017divel. Je spoluautorkou publikace Tov\u00e1rny na sny, kt. se zam\u011b\u0159ila na p\u0159\u00edpadov\u00e9 studie konverze b\u00fdval\u00fdch pr\u016fmyslov\u00fdch prostor Rakouska, \u0160v\u00fdcarska a N\u011bmecka pro nov\u00e9 kulturn\u00ed a kreativn\u00ed \u00fa\u010dely a autorkou knihy O m\u011bstech a lidech, je\u017e mapovala 33 p\u0159\u00edb\u011bh\u016f a modelov\u00fdch p\u0159\u00edklad\u016f o\u017eiven\u00ed ve\u0159ejn\u00e9ho prostoru v 33 \u010desk\u00fdch m\u011bstech a obc\u00edch.<\/p>\n","protected":false},"excerpt":{"rendered":"<p>Michaela He\u010dkov\u00e1 (1986) se v\u011bnuje t\u00e9matu o\u017eiven\u00ed ve\u0159ejn\u00e9ho prostoru od roku 2010. P\u016fsobila jako programov\u00e1 \u0159editelka a dramaturg na n\u011bkolika projektech na pra\u017esk\u00fdch periferi\u00edch: festival o um\u011bn\u00ed ve ve\u0159ejn\u00e9m prostoru Street for Art, p\u0159\u00edsp\u011bvkov\u00e1 organizace Praha 14 kulturn\u00ed, kreativn\u00ed a kulturn\u00ed centrum Plech\u00e1rna \u010cern\u00fd Most. Se sv\u00fdm spolkem Tolerdance, z.s. vedla galerii sou\u010dasn\u00e9ho um\u011bn\u00ed Pr\u00e1delna [&hellip;]<\/p>\n","protected":false},"featured_media":1731,"menu_order":0,"template":"","meta":{"_acf_changed":false,"footnotes":""},"class_list":["post-1693","performer","type-performer","status-publish","has-post-thumbnail","hentry"],"acf":{"title_pre":"","firstname":"Michaela","surname":"He\u010dkov\u00e1","title_post":"","position":"","town":"","phone":"","email":""},"_links":{"self":[{"href":"https:\/\/www.nelen.cz\/2017\/wp-json\/wp\/v2\/performer\/1693","targetHints":{"allow":["GET"]}}],"collection":[{"href":"https:\/\/www.nelen.cz\/2017\/wp-json\/wp\/v2\/performer"}],"about":[{"href":"https:\/\/www.nelen.cz\/2017\/wp-json\/wp\/v2\/types\/performer"}],"version-history":[{"count":0,"href":"https:\/\/www.nelen.cz\/2017\/wp-json\/wp\/v2\/performer\/1693\/revisions"}],"wp:featuredmedia":[{"embeddable":true,"href":"https:\/\/www.nelen.cz\/2017\/wp-json\/wp\/v2\/media\/1731"}],"wp:attachment":[{"href":"https:\/\/www.nelen.cz\/2017\/wp-json\/wp\/v2\/media?parent=1693"}],"curies":[{"name":"wp","href":"https:\/\/api.w.org\/{rel}","templated":true}]}}

Michaela Hečková

<p>Michaela Hečková (1986) se věnuje tématu oživení veřejného prostoru od roku 2010. Působila jako programová ředitelka a dramaturg na několika projektech na pražských periferiích: festival o umění ve veřejném prostoru Street for Art, příspěvková organizace Praha 14 kulturní, kreativní a kulturní centrum Plechárna Černý Most. Se svým spolkem Tolerdance, z.s. vedla galerii současného umění Prádelna Bohnice v prostoru areálu Psychiatrické nemocnice Bohnice a podílí se na festivalu Babí léto v Bohnicích oživující park tohoto specifického městského prostoru. Je absolventkou oboru česká filologie a kulturální studia na Univerzitě Palackého v Olomouci. V současnosti působí jako project manager a audience development manager pro festival SIGNAL. V minulosti se věnovala literární publicistice a kritice např. pro periodika: Host, Literární noviny, Respekt, Živel. Je spoluautorkou publikace Továrny na sny, kt. se zaměřila na případové studie konverze bývalých průmyslových prostor Rakouska, Švýcarska a Německa pro nové kulturní a kreativní účely a autorkou knihy O městech a lidech, jež mapovala 33 příběhů a modelových příkladů oživení veřejného prostoru v 33 českých městech a obcích.</p>

<p>Michaela Hečková (1986) se věnuje tématu oživení veřejného prostoru od roku 2010. Působila jako programová ředitelka a dramaturg na několika projektech na pražských periferiích: festival o umění ve veřejném prostoru Street for Art, příspěvková organizace Praha 14 kulturní, kreativní a kulturní centrum Plechárna Černý Most. Se svým spolkem Tolerdance, z.s. vedla galerii současného umění Prádelna [&hellip;]</p>

Hečková
