{"id":1563,"date":"2017-10-19T01:06:03","date_gmt":"2017-10-18T23:06:03","guid":{"rendered":"https:\/\/www.nelen.cz\/?post_type=program&amp;p=1563"},"modified":"2017-10-19T01:06:03","modified_gmt":"2017-10-18T23:06:03","slug":"jine-svety-mentorsky-projekt-zus-slavicin","status":"publish","type":"program","link":"https:\/\/www.nelen.cz\/2017\/program\/jine-svety-mentorsky-projekt-zus-slavicin\/","title":{"rendered":"JIN\u00c9 SV\u011aTY mentorsk\u00fd projekt ZU\u0160 Slavi\u010d\u00edn"},"content":{"rendered":"<p>&#8222;&#8230;znovu se se\u0161li v z\u00e1\u0159\u00ed 2016 aby podpo\u0159ili \u017e\u00e1ky v\u00fdtvarn\u00e9ho oboru ZU\u0160 a p\u0159edali jim sv\u00e9 profesn\u00ed zku\u0161enosti formou tzv. mentorsk\u00fdch d\u00edlen. D\u00edlny m\u011bly trvat do konce z\u00e1\u0159\u00ed, ale d\u00edky spont\u00e1nn\u00edmu nad\u0161en\u00ed z\u00fa\u010dastn\u011bn\u00fdch b\u011b\u017eely dal\u0161\u00edch \u0161est m\u011bs\u00edc\u016f. Pr\u00e1ce, kter\u00e9 v r\u00e1mci projektu vzniky p\u0159esahuj\u00ed b\u011b\u017en\u00e9 mo\u017enosti v\u00fduky v\u00fdtvarn\u00e9ho oboru v ZU\u0160.<\/p>\n<p>Mento\u0159i: MgA. Eva Jan\u010dekov\u00e1, Ing.arch. Lea Koncerov\u00e1, Ing.arch. Kate\u0159ina Fryzelkov\u00e1, Lucie Mudr\u00e1kov\u00e1, Ing.arch. Karel Humpola, MgA. Petr Domor\u00e1d,<br \/>\nBcA. \u0160imon Sa\u0148\u00e1k<br \/>\nPedagog: Bc. Petra Ponczov\u00e1<br \/>\nGrafika: Gabriela Polom\u00edkov\u00e1<br \/>\nFilm: Pavel Vr\u00e1ga<br \/>\nFoto: MgA. Petra Z\u00e1vodn\u00e1&#8220;<\/p>\n","protected":false},"excerpt":{"rendered":"<p>&#8222;&#8230;znovu se se\u0161li v z\u00e1\u0159\u00ed 2016 aby podpo\u0159ili \u017e\u00e1ky v\u00fdtvarn\u00e9ho oboru ZU\u0160 a p\u0159edali jim sv\u00e9 profesn\u00ed zku\u0161enosti formou tzv. mentorsk\u00fdch d\u00edlen. D\u00edlny m\u011bly trvat do konce z\u00e1\u0159\u00ed, ale d\u00edky spont\u00e1nn\u00edmu nad\u0161en\u00ed z\u00fa\u010dastn\u011bn\u00fdch b\u011b\u017eely dal\u0161\u00edch \u0161est m\u011bs\u00edc\u016f. Pr\u00e1ce, kter\u00e9 v r\u00e1mci projektu vzniky p\u0159esahuj\u00ed b\u011b\u017en\u00e9 mo\u017enosti v\u00fduky v\u00fdtvarn\u00e9ho oboru v ZU\u0160. Mento\u0159i: MgA. Eva Jan\u010dekov\u00e1, [&hellip;]<\/p>\n","protected":false},"featured_media":0,"parent":0,"menu_order":0,"template":"","meta":{"_acf_changed":false,"footnotes":""},"class_list":["post-1563","program","type-program","status-publish","hentry"],"acf":[],"_links":{"self":[{"href":"https:\/\/www.nelen.cz\/2017\/wp-json\/wp\/v2\/program\/1563","targetHints":{"allow":["GET"]}}],"collection":[{"href":"https:\/\/www.nelen.cz\/2017\/wp-json\/wp\/v2\/program"}],"about":[{"href":"https:\/\/www.nelen.cz\/2017\/wp-json\/wp\/v2\/types\/program"}],"version-history":[{"count":0,"href":"https:\/\/www.nelen.cz\/2017\/wp-json\/wp\/v2\/program\/1563\/revisions"}],"wp:attachment":[{"href":"https:\/\/www.nelen.cz\/2017\/wp-json\/wp\/v2\/media?parent=1563"}],"curies":[{"name":"wp","href":"https:\/\/api.w.org\/{rel}","templated":true}]}}

JINÉ SVĚTY mentorský projekt ZUŠ Slavičín

<p>&#8222;&#8230;znovu se sešli v září 2016 aby podpořili žáky výtvarného oboru ZUŠ a předali jim své profesní zkušenosti formou tzv. mentorských dílen. Dílny měly trvat do konce září, ale díky spontánnímu nadšení zúčastněných běžely dalších šest měsíců. Práce, které v rámci projektu vzniky přesahují běžné možnosti výuky výtvarného oboru v ZUŠ.</p>
<p>Mentoři: MgA. Eva Jančeková, Ing.arch. Lea Koncerová, Ing.arch. Kateřina Fryzelková, Lucie Mudráková, Ing.arch. Karel Humpola, MgA. Petr Domorád,<br />
BcA. Šimon Saňák<br />
Pedagog: Bc. Petra Ponczová<br />
Grafika: Gabriela Polomíková<br />
Film: Pavel Vrága<br />
Foto: MgA. Petra Závodná&#8220;</p>

<p>&#8222;&#8230;znovu se sešli v září 2016 aby podpořili žáky výtvarného oboru ZUŠ a předali jim své profesní zkušenosti formou tzv. mentorských dílen. Dílny měly trvat do konce září, ale díky spontánnímu nadšení zúčastněných běžely dalších šest měsíců. Práce, které v rámci projektu vzniky přesahují běžné možnosti výuky výtvarného oboru v ZUŠ. Mentoři: MgA. Eva Jančeková, [&hellip;]</p>
