{"id":1595,"date":"2017-10-19T01:22:58","date_gmt":"2017-10-18T23:22:58","guid":{"rendered":"https:\/\/www.nelen.cz\/?post_type=program&amp;p=1595"},"modified":"2017-10-19T01:22:58","modified_gmt":"2017-10-18T23:22:58","slug":"vernisaz-za-slavicinem","status":"publish","type":"program","link":"https:\/\/www.nelen.cz\/2017\/program\/vernisaz-za-slavicinem\/","title":{"rendered":"Vernis\u00e1\u017e: \u201cZa Slavi\u010d\u00ednem\u201d"},"content":{"rendered":"<p>&#8222;Jednot\u00edc\u00edm prvkem vystaven\u00fdch um\u011bleck\u00fdch d\u011bl je subjektivn\u00ed pohled na p\u0159\u00edrodu a krajinu. Jejich v\u00fdpov\u011bdn\u00ed hodnota i v nich pou\u017eit\u00fd materi\u00e1l se rovn\u00e1 \u0161irokospektr\u00e1ln\u00edmu rozm\u011bru krajiny. Stejn\u011b jako je p\u0159\u00edroda prom\u011bnliv\u00e1 a mnohozna\u010dn\u00e1, tak i d\u00edla dan\u00fdch autor\u016f se vyzna\u010duj\u00ed vlastn\u00edmi sd\u011blovac\u00edmi prost\u0159edky. Tento \u0161irok\u00fd z\u00e1b\u011br v\u00fdstavy nen\u00ed jenom o zeleni, ale o jej\u00edm p\u0159esahu, vn\u00edm\u00e1n\u00ed ka\u017ed\u00e9ho autora i div\u00e1kov\u011b poci\u0165ov\u00e1n\u00ed imaginace p\u0159\u00edrody. N\u00e1v\u0161t\u011bvn\u00edci zde budou moci shl\u00e9dnout audiovizu\u00e1ln\u00ed tvorbu, performance i obrazy.<\/p>\n<p>Vystavuj\u00edc\u00ed: Lenka \u010cervencov\u00e1, Eva Ja\u0161kov\u00e1, Luk\u00e1\u0161 Kov\u00e1\u010dik, Kate\u0159ina Ondru\u0161kov\u00e1, Martin Szollos, Ren\u00e1ta Vr\u00e1nov\u00e1&#8220;<\/p>\n","protected":false},"excerpt":{"rendered":"<p>&#8222;Jednot\u00edc\u00edm prvkem vystaven\u00fdch um\u011bleck\u00fdch d\u011bl je subjektivn\u00ed pohled na p\u0159\u00edrodu a krajinu. Jejich v\u00fdpov\u011bdn\u00ed hodnota i v nich pou\u017eit\u00fd materi\u00e1l se rovn\u00e1 \u0161irokospektr\u00e1ln\u00edmu rozm\u011bru krajiny. Stejn\u011b jako je p\u0159\u00edroda prom\u011bnliv\u00e1 a mnohozna\u010dn\u00e1, tak i d\u00edla dan\u00fdch autor\u016f se vyzna\u010duj\u00ed vlastn\u00edmi sd\u011blovac\u00edmi prost\u0159edky. Tento \u0161irok\u00fd z\u00e1b\u011br v\u00fdstavy nen\u00ed jenom o zeleni, ale o jej\u00edm p\u0159esahu, vn\u00edm\u00e1n\u00ed [&hellip;]<\/p>\n","protected":false},"featured_media":0,"parent":0,"menu_order":0,"template":"","meta":{"_acf_changed":false,"footnotes":""},"class_list":["post-1595","program","type-program","status-publish","hentry"],"acf":[],"_links":{"self":[{"href":"https:\/\/www.nelen.cz\/2017\/wp-json\/wp\/v2\/program\/1595","targetHints":{"allow":["GET"]}}],"collection":[{"href":"https:\/\/www.nelen.cz\/2017\/wp-json\/wp\/v2\/program"}],"about":[{"href":"https:\/\/www.nelen.cz\/2017\/wp-json\/wp\/v2\/types\/program"}],"version-history":[{"count":0,"href":"https:\/\/www.nelen.cz\/2017\/wp-json\/wp\/v2\/program\/1595\/revisions"}],"wp:attachment":[{"href":"https:\/\/www.nelen.cz\/2017\/wp-json\/wp\/v2\/media?parent=1595"}],"curies":[{"name":"wp","href":"https:\/\/api.w.org\/{rel}","templated":true}]}}

Vernisáž: “Za Slavičínem”

<p>&#8222;Jednotícím prvkem vystavených uměleckých děl je subjektivní pohled na přírodu a krajinu. Jejich výpovědní hodnota i v nich použitý materiál se rovná širokospektrálnímu rozměru krajiny. Stejně jako je příroda proměnlivá a mnohoznačná, tak i díla daných autorů se vyznačují vlastními sdělovacími prostředky. Tento široký záběr výstavy není jenom o zeleni, ale o jejím přesahu, vnímání každého autora i divákově pociťování imaginace přírody. Návštěvníci zde budou moci shlédnout audiovizuální tvorbu, performance i obrazy.</p>
<p>Vystavující: Lenka Červencová, Eva Jašková, Lukáš Kováčik, Kateřina Ondrušková, Martin Szollos, Renáta Vránová&#8220;</p>

<p>&#8222;Jednotícím prvkem vystavených uměleckých děl je subjektivní pohled na přírodu a krajinu. Jejich výpovědní hodnota i v nich použitý materiál se rovná širokospektrálnímu rozměru krajiny. Stejně jako je příroda proměnlivá a mnohoznačná, tak i díla daných autorů se vyznačují vlastními sdělovacími prostředky. Tento široký záběr výstavy není jenom o zeleni, ale o jejím přesahu, vnímání [&hellip;]</p>
