{"id":1676,"date":"2017-10-19T02:11:05","date_gmt":"2017-10-19T00:11:05","guid":{"rendered":"https:\/\/www.nelen.cz\/?post_type=program&amp;p=1676"},"modified":"2017-10-19T02:11:05","modified_gmt":"2017-10-19T00:11:05","slug":"architektura-ve-skole-skola-v-architekture","status":"publish","type":"program","link":"https:\/\/www.nelen.cz\/2017\/program\/architektura-ve-skole-skola-v-architekture\/","title":{"rendered":"Architektura ve \u0161kole, \u0161kola v architektu\u0159e"},"content":{"rendered":"<p>P\u0159i leto\u0161n\u00ed architektonick\u00e9 proch\u00e1zce Slavi\u010d\u00ednem spolu s dvojic\u00ed architekt\u016f Martinem Tom\u00e1nkem a Radkem Chovan\u010d\u00edkem zav\u00edt\u00e1me na budovu 2. stupn\u011b Z\u0160 Vl\u00e1ra \u2013 na stavbu navr\u017eenou jedn\u00edm z v\u011bhlasn\u00fdch architekt\u016f meziv\u00e1le\u010dn\u00e9ho Zl\u00edna. Poj\u010fte se s n\u00e1mi pod\u00edvat, jak se prom\u011bnila architektura \u0161koln\u00edch budov b\u011bhem posledn\u00edho stolet\u00ed i jak se stav\u011bj\u00ed \u0161koln\u00ed budovy dnes.<\/p>\n","protected":false},"excerpt":{"rendered":"<p>P\u0159i leto\u0161n\u00ed architektonick\u00e9 proch\u00e1zce Slavi\u010d\u00ednem spolu s dvojic\u00ed architekt\u016f Martinem Tom\u00e1nkem a Radkem Chovan\u010d\u00edkem zav\u00edt\u00e1me na budovu 2. stupn\u011b Z\u0160 Vl\u00e1ra \u2013 na stavbu navr\u017eenou jedn\u00edm z v\u011bhlasn\u00fdch architekt\u016f meziv\u00e1le\u010dn\u00e9ho Zl\u00edna. Poj\u010fte se s n\u00e1mi pod\u00edvat, jak se prom\u011bnila architektura \u0161koln\u00edch budov b\u011bhem posledn\u00edho stolet\u00ed i jak se stav\u011bj\u00ed \u0161koln\u00ed budovy dnes.<\/p>\n","protected":false},"featured_media":0,"parent":0,"menu_order":0,"template":"","meta":{"_acf_changed":false,"footnotes":""},"class_list":["post-1676","program","type-program","status-publish","hentry"],"acf":[],"_links":{"self":[{"href":"https:\/\/www.nelen.cz\/2017\/wp-json\/wp\/v2\/program\/1676","targetHints":{"allow":["GET"]}}],"collection":[{"href":"https:\/\/www.nelen.cz\/2017\/wp-json\/wp\/v2\/program"}],"about":[{"href":"https:\/\/www.nelen.cz\/2017\/wp-json\/wp\/v2\/types\/program"}],"version-history":[{"count":0,"href":"https:\/\/www.nelen.cz\/2017\/wp-json\/wp\/v2\/program\/1676\/revisions"}],"wp:attachment":[{"href":"https:\/\/www.nelen.cz\/2017\/wp-json\/wp\/v2\/media?parent=1676"}],"curies":[{"name":"wp","href":"https:\/\/api.w.org\/{rel}","templated":true}]}}

Architektura ve škole, škola v architektuře

<p>Při letošní architektonické procházce Slavičínem spolu s dvojicí architektů Martinem Tománkem a Radkem Chovančíkem zavítáme na budovu 2. stupně ZŠ Vlára – na stavbu navrženou jedním z věhlasných architektů meziválečného Zlína. Pojďte se s námi podívat, jak se proměnila architektura školních budov během posledního století i jak se stavějí školní budovy dnes.</p>
