{"id":1695,"date":"2017-10-19T09:58:51","date_gmt":"2017-10-19T07:58:51","guid":{"rendered":"https:\/\/www.nelen.cz\/?post_type=program&amp;p=1695"},"modified":"2017-10-19T09:58:51","modified_gmt":"2017-10-19T07:58:51","slug":"o-mestech-a-lidech","status":"publish","type":"program","link":"https:\/\/www.nelen.cz\/2017\/program\/o-mestech-a-lidech\/","title":{"rendered":"O m\u011bstech a lidech"},"content":{"rendered":"<p>O m\u011bstech a lidech. Co se d\u011bje za hranic\u00ed hlavn\u00edho m\u011bsta? A d\u011bje se tam n\u011bco? Jsou lid\u00e9 v mal\u00fdch m\u011bstech aktivn\u011bj\u0161\u00ed a staraj\u00ed se o m\u00edsto, kde \u017eij\u00ed, nebo jen pasivn\u011b tou\u017e\u00ed po dni, kdy seberou s\u00edly a odst\u011bhuj\u00ed se do Prahy, Berl\u00edna, New Yorku. Michaela He\u010dkov\u00e1 z projektu Pi\u00e1na na ulici vydala v roce 2016 publikaci mapuj\u00edc\u00ed 33 m\u011bst a 33 projekt\u016f, kter\u00e9 v \u010desk\u00fdch regionech o\u017eivuj\u00ed ve\u0159ejn\u00fd prostor a sna\u017e\u00ed se jej p\u0159etvo\u0159it k obrazu sv\u00e9mu.<\/p>\n","protected":false},"excerpt":{"rendered":"<p>O m\u011bstech a lidech. Co se d\u011bje za hranic\u00ed hlavn\u00edho m\u011bsta? A d\u011bje se tam n\u011bco? Jsou lid\u00e9 v mal\u00fdch m\u011bstech aktivn\u011bj\u0161\u00ed a staraj\u00ed se o m\u00edsto, kde \u017eij\u00ed, nebo jen pasivn\u011b tou\u017e\u00ed po dni, kdy seberou s\u00edly a odst\u011bhuj\u00ed se do Prahy, Berl\u00edna, New Yorku. Michaela He\u010dkov\u00e1 z projektu Pi\u00e1na na ulici vydala v [&hellip;]<\/p>\n","protected":false},"featured_media":0,"parent":0,"menu_order":0,"template":"","meta":{"_acf_changed":false,"footnotes":""},"class_list":["post-1695","program","type-program","status-publish","hentry"],"acf":[],"_links":{"self":[{"href":"https:\/\/www.nelen.cz\/2017\/wp-json\/wp\/v2\/program\/1695","targetHints":{"allow":["GET"]}}],"collection":[{"href":"https:\/\/www.nelen.cz\/2017\/wp-json\/wp\/v2\/program"}],"about":[{"href":"https:\/\/www.nelen.cz\/2017\/wp-json\/wp\/v2\/types\/program"}],"version-history":[{"count":0,"href":"https:\/\/www.nelen.cz\/2017\/wp-json\/wp\/v2\/program\/1695\/revisions"}],"wp:attachment":[{"href":"https:\/\/www.nelen.cz\/2017\/wp-json\/wp\/v2\/media?parent=1695"}],"curies":[{"name":"wp","href":"https:\/\/api.w.org\/{rel}","templated":true}]}}

O městech a lidech

<p>O městech a lidech. Co se děje za hranicí hlavního města? A děje se tam něco? Jsou lidé v malých městech aktivnější a starají se o místo, kde žijí, nebo jen pasivně touží po dni, kdy seberou síly a odstěhují se do Prahy, Berlína, New Yorku. Michaela Hečková z projektu Piána na ulici vydala v roce 2016 publikaci mapující 33 měst a 33 projektů, které v českých regionech oživují veřejný prostor a snaží se jej přetvořit k obrazu svému.</p>

<p>O městech a lidech. Co se děje za hranicí hlavního města? A děje se tam něco? Jsou lidé v malých městech aktivnější a starají se o místo, kde žijí, nebo jen pasivně touží po dni, kdy seberou síly a odstěhují se do Prahy, Berlína, New Yorku. Michaela Hečková z projektu Piána na ulici vydala v [&hellip;]</p>
