{"id":2380,"date":"2018-10-02T14:23:56","date_gmt":"2018-10-02T12:23:56","guid":{"rendered":"https:\/\/www.nelen.cz\/?post_type=program&amp;p=2380"},"modified":"2018-10-02T14:23:56","modified_gmt":"2018-10-02T12:23:56","slug":"vernisaz-struktury","status":"publish","type":"program","link":"https:\/\/www.nelen.cz\/2018\/program\/vernisaz-struktury\/","title":{"rendered":"Vernis\u00e1\u017e: \u201cStruktury\u201d"},"content":{"rendered":"<p>\t\t\t\tPojem \u201estruktura\u201c souvis\u00ed s uspo\u0159\u00e1d\u00e1n\u00edm sv\u011bta i v n\u011bm jednotliv\u00fdch objekt\u016f. Hlavn\u00ed p\u0159edstavitel ka\u017ed\u00e9ho p\u0159\u00edb\u011bhu m\u00e1 obdobn\u00e9 zastoupen\u00ed, pat\u0159\u00ed do d\u011bje a ur\u010duje jeho linii, rozli\u0161uje mezi dobrem a zlem. Heroizace hrdiny, lidsk\u00e9 i zv\u00ed\u0159ec\u00ed postavy s nadp\u0159irozen\u00fdmi schopnostmi, neuv\u011b\u0159iteln\u00fd d\u011bj a oslavov\u00e1n\u00ed za dobr\u00e9 skutky \u2013 to v\u0161e t\u00e9maticky spojuje v\u00fdstavn\u00ed prostor, kter\u00fd prim\u00e1rn\u011b tvo\u0159\u00ed jevi\u0161t\u011b. D\u00edla jsou z\u00e1m\u011brn\u011b um\u00edst\u011bna na p\u00f3diu, stejn\u011b jako hlavn\u00ed hrdinov\u00e9 p\u0159\u00edb\u011bh\u016f, a div\u00e1ci se s nimi ocitnou na stejn\u00e9 \u00farovni. P\u0159\u00edb\u011bh zde nen\u00ed vyj\u00e1d\u0159en mluven\u00fdm projevem, jak by se v dan\u00e9m prost\u0159ed\u00ed dalo o\u010dek\u00e1vat, ale obrazem a psan\u00fdm slovem, kter\u00e9 n\u00e1v\u0161t\u011bvn\u00edkovi nab\u00edz\u00ed soukromou interakci. Hlavn\u00ed nositel\u00e9 d\u011bje figuruj\u00ed v komiksech, ilustrac\u00edch i plak\u00e1tech. Sou\u010d\u00e1st\u00ed v\u00fdstavn\u00edho prostoru bude tak\u00e9 audiovizu\u00e1ln\u00ed \u010d\u00e1st.<\/p>\n<p>Na vernis\u00e1\u017ei zazn\u00ed koncert Ale\u0161e V\u00fdmoly (zp\u011bv\u00e1k 12:Piet)<\/p>\n<p>Vystavuj\u00edc\u00ed: Julie Lupa\u010dov\u00e1, Lucie Mudr\u00e1kov\u00e1, Ale\u0161 V\u00fdmola, Ren\u00e1ta \u017d\u00e1kov\u00e1<\/p>\n<p>\u017d\u00e1ci ZU\u0160 Slavi\u010d\u00edn vytvo\u0159ili pro prostory v\u00fdstavy rozm\u011brn\u00e9 z\u00e1v\u011bsn\u00e9 objekty.\t\t<\/p>\n","protected":false},"excerpt":{"rendered":"<p>Pojem \u201estruktura\u201c souvis\u00ed s uspo\u0159\u00e1d\u00e1n\u00edm sv\u011bta i v n\u011bm jednotliv\u00fdch objekt\u016f. Hlavn\u00ed p\u0159edstavitel ka\u017ed\u00e9ho p\u0159\u00edb\u011bhu m\u00e1 obdobn\u00e9 zastoupen\u00ed, pat\u0159\u00ed do d\u011bje a ur\u010duje jeho linii, rozli\u0161uje mezi dobrem a zlem. Heroizace hrdiny, lidsk\u00e9 i zv\u00ed\u0159ec\u00ed postavy s nadp\u0159irozen\u00fdmi schopnostmi, neuv\u011b\u0159iteln\u00fd d\u011bj a oslavov\u00e1n\u00ed za dobr\u00e9 skutky \u2013 to v\u0161e t\u00e9maticky spojuje v\u00fdstavn\u00ed prostor, kter\u00fd prim\u00e1rn\u011b [&hellip;]<\/p>\n","protected":false},"featured_media":0,"parent":0,"menu_order":0,"template":"","meta":{"_acf_changed":false,"footnotes":""},"class_list":["post-2380","program","type-program","status-publish","hentry"],"acf":[],"_links":{"self":[{"href":"https:\/\/www.nelen.cz\/2018\/wp-json\/wp\/v2\/program\/2380","targetHints":{"allow":["GET"]}}],"collection":[{"href":"https:\/\/www.nelen.cz\/2018\/wp-json\/wp\/v2\/program"}],"about":[{"href":"https:\/\/www.nelen.cz\/2018\/wp-json\/wp\/v2\/types\/program"}],"version-history":[{"count":0,"href":"https:\/\/www.nelen.cz\/2018\/wp-json\/wp\/v2\/program\/2380\/revisions"}],"wp:attachment":[{"href":"https:\/\/www.nelen.cz\/2018\/wp-json\/wp\/v2\/media?parent=2380"}],"curies":[{"name":"wp","href":"https:\/\/api.w.org\/{rel}","templated":true}]}}

Vernisáž: “Struktury”

<p>				Pojem „struktura“ souvisí s uspořádáním světa i v něm jednotlivých objektů. Hlavní představitel každého příběhu má obdobné zastoupení, patří do děje a určuje jeho linii, rozlišuje mezi dobrem a zlem. Heroizace hrdiny, lidské i zvířecí postavy s nadpřirozenými schopnostmi, neuvěřitelný děj a oslavování za dobré skutky – to vše tématicky spojuje výstavní prostor, který primárně tvoří jeviště. Díla jsou záměrně umístěna na pódiu, stejně jako hlavní hrdinové příběhů, a diváci se s nimi ocitnou na stejné úrovni. Příběh zde není vyjádřen mluveným projevem, jak by se v daném prostředí dalo očekávat, ale obrazem a psaným slovem, které návštěvníkovi nabízí soukromou interakci. Hlavní nositelé děje figurují v komiksech, ilustracích i plakátech. Součástí výstavního prostoru bude také audiovizuální část.</p>
<p>Na vernisáži zazní koncert Aleše Výmoly (zpěvák 12:Piet)</p>
<p>Vystavující: Julie Lupačová, Lucie Mudráková, Aleš Výmola, Renáta Žáková</p>
<p>Žáci ZUŠ Slavičín vytvořili pro prostory výstavy rozměrné závěsné objekty.		</p>

<p>Pojem „struktura“ souvisí s uspořádáním světa i v něm jednotlivých objektů. Hlavní představitel každého příběhu má obdobné zastoupení, patří do děje a určuje jeho linii, rozlišuje mezi dobrem a zlem. Heroizace hrdiny, lidské i zvířecí postavy s nadpřirozenými schopnostmi, neuvěřitelný děj a oslavování za dobré skutky – to vše tématicky spojuje výstavní prostor, který primárně [&hellip;]</p>
