{"id":2513,"date":"2018-10-10T10:05:03","date_gmt":"2018-10-10T08:05:03","guid":{"rendered":"https:\/\/www.nelen.cz\/?post_type=program&amp;p=2513"},"modified":"2018-10-10T10:05:03","modified_gmt":"2018-10-10T08:05:03","slug":"bulp","status":"publish","type":"program","link":"https:\/\/www.nelen.cz\/2018\/program\/bulp\/","title":{"rendered":"Bulp"},"content":{"rendered":"<p>\t\t\t\tSloven\u0161t\u00ed sourozenci Samo a Jana spolu hraj\u00ed u\u017e n\u011bkolik let. U\u017e p\u0159i prvn\u00edm EP po\u010dinu Endian byli ozna\u010deni za objev roku v hudobnej ankete Radio_Head Awards 2015. V dubnu 2017 vydali debutov\u00e9 album Yrsa, kritikou ozna\u010den\u00e9 za nahr\u00e1vku se sv\u011btov\u00fdm zvukem. Mohli jste je potkat festivalech po cel\u00e9 \u010cR i SR.<\/p>\n<p><em># melodick\u00e9 \u017eiv\u011b hran\u00e9 elektro, \u017eiv\u00fd zp\u011bv, melancholie, radost, kompozice<\/em><\/p>\n<p><a href=\"http:\/\/bulpmusic.com\" target=\"_blank\" rel=\"noopener noreferrer\">http:\/\/bulpmusic.com<\/a><\/p>\n<p><a href=\"https:\/\/www.facebook.com\/bulpmusic\/\" target=\"_blank\" rel=\"noopener noreferrer\">https:\/\/www.facebook.com\/bulpmusic\/<\/a><\/p>\n<p>&nbsp;<\/p>\n<p><iframe loading=\"lazy\" width=\"890\" height=\"501\" src=\"https:\/\/www.youtube.com\/embed\/5IpnKmA7VBk?feature=oembed\" frameborder=\"0\" allow=\"autoplay; encrypted-media\" allowfullscreen><\/iframe><\/p>\n<p><iframe loading=\"lazy\" width=\"890\" height=\"501\" src=\"https:\/\/www.youtube.com\/embed\/g2gV4NB1Lus?feature=oembed\" frameborder=\"0\" allow=\"autoplay; encrypted-media\" allowfullscreen><\/iframe><\/p>\n<p><iframe loading=\"lazy\" width=\"890\" height=\"668\" src=\"https:\/\/www.youtube.com\/embed\/d9HFfx4kfgw?feature=oembed\" frameborder=\"0\" allow=\"autoplay; encrypted-media\" allowfullscreen><\/iframe>\t\t<\/p>\n","protected":false},"excerpt":{"rendered":"<p>Sloven\u0161t\u00ed sourozenci Samo a Jana spolu hraj\u00ed u\u017e n\u011bkolik let. U\u017e p\u0159i prvn\u00edm EP po\u010dinu Endian byli ozna\u010deni za objev roku v hudobnej ankete Radio_Head Awards 2015. V dubnu 2017 vydali debutov\u00e9 album Yrsa, kritikou ozna\u010den\u00e9 za nahr\u00e1vku se sv\u011btov\u00fdm zvukem. Mohli jste je potkat festivalech po cel\u00e9 \u010cR i SR. # melodick\u00e9 \u017eiv\u011b hran\u00e9 [&hellip;]<\/p>\n","protected":false},"featured_media":0,"parent":0,"menu_order":0,"template":"","meta":{"_acf_changed":false,"footnotes":""},"class_list":["post-2513","program","type-program","status-publish","hentry"],"acf":[],"_links":{"self":[{"href":"https:\/\/www.nelen.cz\/2018\/wp-json\/wp\/v2\/program\/2513","targetHints":{"allow":["GET"]}}],"collection":[{"href":"https:\/\/www.nelen.cz\/2018\/wp-json\/wp\/v2\/program"}],"about":[{"href":"https:\/\/www.nelen.cz\/2018\/wp-json\/wp\/v2\/types\/program"}],"version-history":[{"count":0,"href":"https:\/\/www.nelen.cz\/2018\/wp-json\/wp\/v2\/program\/2513\/revisions"}],"wp:attachment":[{"href":"https:\/\/www.nelen.cz\/2018\/wp-json\/wp\/v2\/media?parent=2513"}],"curies":[{"name":"wp","href":"https:\/\/api.w.org\/{rel}","templated":true}]}}

<p>				Slovenští sourozenci Samo a Jana spolu hrají už několik let. Už při prvním EP počinu Endian byli označeni za objev roku v hudobnej ankete Radio_Head Awards 2015. V dubnu 2017 vydali debutové album Yrsa, kritikou označené za nahrávku se světovým zvukem. Mohli jste je potkat festivalech po celé ČR i SR.</p>
<p><em># melodické živě hrané elektro, živý zpěv, melancholie, radost, kompozice</em></p>
<p><a href="http://bulpmusic.com" target="_blank" rel="noopener noreferrer">http://bulpmusic.com</a></p>
<p><a href="https://www.facebook.com/bulpmusic/" target="_blank" rel="noopener noreferrer">https://www.facebook.com/bulpmusic/</a></p>
<p>&nbsp;</p>
<p><iframe loading="lazy" width="890" height="501" src="https://www.youtube.com/embed/5IpnKmA7VBk?feature=oembed" frameborder="0" allow="autoplay; encrypted-media" allowfullscreen></iframe></p>
<p><iframe loading="lazy" width="890" height="501" src="https://www.youtube.com/embed/g2gV4NB1Lus?feature=oembed" frameborder="0" allow="autoplay; encrypted-media" allowfullscreen></iframe></p>
<p><iframe loading="lazy" width="890" height="668" src="https://www.youtube.com/embed/d9HFfx4kfgw?feature=oembed" frameborder="0" allow="autoplay; encrypted-media" allowfullscreen></iframe>		</p>

<p>Slovenští sourozenci Samo a Jana spolu hrají už několik let. Už při prvním EP počinu Endian byli označeni za objev roku v hudobnej ankete Radio_Head Awards 2015. V dubnu 2017 vydali debutové album Yrsa, kritikou označené za nahrávku se světovým zvukem. Mohli jste je potkat festivalech po celé ČR i SR. # melodické živě hrané [&hellip;]</p>
