{"id":3004,"date":"2019-10-17T11:03:38","date_gmt":"2019-10-17T09:03:38","guid":{"rendered":"https:\/\/www.nelen.cz\/?post_type=performer&amp;p=3004"},"modified":"2019-10-17T11:03:38","modified_gmt":"2019-10-17T09:03:38","slug":"tomas-zemanek","status":"publish","type":"performer","link":"https:\/\/www.nelen.cz\/2019\/ucinkujici\/tomas-zemanek\/","title":{"rendered":"Tom\u00e1\u0161 Zem\u00e1nek"},"content":{"rendered":"","protected":false},"excerpt":{"rendered":"","protected":false},"featured_media":3005,"menu_order":0,"template":"","meta":{"_acf_changed":false,"footnotes":""},"class_list":["post-3004","performer","type-performer","status-publish","has-post-thumbnail","hentry"],"acf":{"title_pre":"","firstname":"Tom\u00e1\u0161","surname":"Zem\u00e1nek","title_post":"","position":"","town":"","phone":"","email":""},"_links":{"self":[{"href":"https:\/\/www.nelen.cz\/2019\/wp-json\/wp\/v2\/performer\/3004","targetHints":{"allow":["GET"]}}],"collection":[{"href":"https:\/\/www.nelen.cz\/2019\/wp-json\/wp\/v2\/performer"}],"about":[{"href":"https:\/\/www.nelen.cz\/2019\/wp-json\/wp\/v2\/types\/performer"}],"version-history":[{"count":0,"href":"https:\/\/www.nelen.cz\/2019\/wp-json\/wp\/v2\/performer\/3004\/revisions"}],"wp:featuredmedia":[{"embeddable":true,"href":"https:\/\/www.nelen.cz\/2019\/wp-json\/wp\/v2\/media\/3005"}],"wp:attachment":[{"href":"https:\/\/www.nelen.cz\/2019\/wp-json\/wp\/v2\/media?parent=3004"}],"curies":[{"name":"wp","href":"https:\/\/api.w.org\/{rel}","templated":true}]}}

Tomáš Zemánek

Tomáš

Zemánek
